{"id":11,"date":"2014-10-11T18:00:13","date_gmt":"2014-10-11T16:00:13","guid":{"rendered":"https:\/\/www.burg-halle.de\/id-neuwerk\/1-2-3-leichte-kueche\/?page_id=11"},"modified":"2026-03-24T13:33:15","modified_gmt":"2026-03-24T11:33:15","slug":"ausstellung-dmy","status":"publish","type":"page","link":"https:\/\/www.burg-halle.de\/id-neuwerk\/1-2-3-leichte-kueche\/ausstellung-dmy\/","title":{"rendered":"Ausstellung DMY"},"content":{"rendered":"<p><iframe loading=\"lazy\" src=\"\/\/player.vimeo.com\/video\/113120952?title=0&amp;byline=0&amp;portrait=0\" height=\"338\" width=\"600\" allowfullscreen=\"\" frameborder=\"0\"><\/iframe><\/p>\n<p>&nbsp;<\/p>\n<p><strong>Ausstellung auf dem DMY International Design Festival Berlin<br \/>\n9.\u201313. Juni 2010<\/strong><\/p>\n<p>Wieviel K\u00fcche brauchen wir eigentlich?<br \/>\nUnter dieser Frage entwickelten Studierende des Industriedesign an der Burg Giebichenstein (Hochschule f\u00fcr Kunst und Design in Halle\/Saale) 6 minimalistische K\u00fcchen in funktionsf\u00e4higen 1:1 Prototypen.<\/p>\n<p>Entstanden sind K\u00fcchensolit\u00e4re, die sich von herk\u00f6mmlichen Raumbindungen und Strukturen l\u00f6sen und in bewusstem Kontrast zu den tradierten Bildern von Einbauk\u00fcchen stehen. Gestaltet wurden \u201eArbeitspl\u00e4tze\u201d und deren Organisation f\u00fcr eine der sch\u00f6nsten Alltagsbesch\u00e4ftigungen: Kochen.<\/p>\n<p>&nbsp;<\/p>\n<p><em>Die Rahmenbedingungen:<\/em><br \/>\n1 \u2013 ein Quadratmeter Stellfl\u00e4che im unbenutzten Zustand,<br \/>\n2 \u2013 zwei Kochstellen,<br \/>\n3 \u2013 Bewirtung von drei G\u00e4sten.<\/p>\n<p>&nbsp;<\/p>\n<p>Entworfen wurde von Beginn an prozessorientiert und in 1:1 Versuchsaufbauten, die sukzessive zu Funktionsmodellen detailiert und optimiert wurden. Die Ergebnisse zeigen eine gro\u00dfe Bandbreite von raffiniertem Materialeinsatz bis zu \u00fcberraschend variablen Verwandlungsobjekten. Nat\u00fcrlich war auch das gemeinsame Kochen und Bewirten integraler Bestandteil des Projekts.<\/p>\n<p>Das DMY International Design Festival fand erstmals an einem exklusiven Ort statt: Die Eingangshalle und die gro\u00dfz\u00fcgigen Hangars des ehemaligen Flughafens Berlin Tempelhof waren vom 9.-13. Juni der zentrale Ort des Festivals.<\/p>\n<p>&nbsp;<\/p>\n","protected":false},"excerpt":{"rendered":"<p>&nbsp; Ausstellung auf dem DMY International Design Festival Berlin 9.\u201313. Juni 2010 Wieviel K\u00fcche brauchen wir eigentlich? Unter dieser Frage entwickelten Studierende des Industriedesign an der Burg Giebichenstein (Hochschule f\u00fcr Kunst und Design in Halle\/Saale) 6 minimalistische K\u00fcchen in funktionsf\u00e4higen 1:1 Prototypen. Entstanden sind K\u00fcchensolit\u00e4re, die sich von herk\u00f6mmlichen Raumbindungen und Strukturen l\u00f6sen und in [&hellip;]<\/p>\n","protected":false},"author":5,"featured_media":0,"parent":0,"menu_order":0,"comment_status":"closed","ping_status":"closed","template":"","meta":{"footnotes":""},"class_list":["post-11","page","type-page","status-publish","hentry"],"_links":{"self":[{"href":"https:\/\/www.burg-halle.de\/id-neuwerk\/1-2-3-leichte-kueche\/wp-json\/wp\/v2\/pages\/11","targetHints":{"allow":["GET"]}}],"collection":[{"href":"https:\/\/www.burg-halle.de\/id-neuwerk\/1-2-3-leichte-kueche\/wp-json\/wp\/v2\/pages"}],"about":[{"href":"https:\/\/www.burg-halle.de\/id-neuwerk\/1-2-3-leichte-kueche\/wp-json\/wp\/v2\/types\/page"}],"author":[{"embeddable":true,"href":"https:\/\/www.burg-halle.de\/id-neuwerk\/1-2-3-leichte-kueche\/wp-json\/wp\/v2\/users\/5"}],"replies":[{"embeddable":true,"href":"https:\/\/www.burg-halle.de\/id-neuwerk\/1-2-3-leichte-kueche\/wp-json\/wp\/v2\/comments?post=11"}],"version-history":[{"count":10,"href":"https:\/\/www.burg-halle.de\/id-neuwerk\/1-2-3-leichte-kueche\/wp-json\/wp\/v2\/pages\/11\/revisions"}],"predecessor-version":[{"id":612,"href":"https:\/\/www.burg-halle.de\/id-neuwerk\/1-2-3-leichte-kueche\/wp-json\/wp\/v2\/pages\/11\/revisions\/612"}],"wp:attachment":[{"href":"https:\/\/www.burg-halle.de\/id-neuwerk\/1-2-3-leichte-kueche\/wp-json\/wp\/v2\/media?parent=11"}],"curies":[{"name":"wp","href":"https:\/\/api.w.org\/{rel}","templated":true}]}}