{"id":467,"date":"2014-05-18T08:59:26","date_gmt":"2014-05-18T06:59:26","guid":{"rendered":"https:\/\/www.burg-halle.de\/id-neuwerk\/24-short-films-about-design\/?page_id=467"},"modified":"2019-07-21T22:46:21","modified_gmt":"2019-07-21T20:46:21","slug":"praesentation","status":"publish","type":"page","link":"https:\/\/www.burg-halle.de\/id-neuwerk\/24-short-films-about-design\/praesentation\/","title":{"rendered":"Pr\u00e4sentation"},"content":{"rendered":"<p>&nbsp;<\/p>\n<p><img decoding=\"async\" class=\"alignnone size-full wp-image-468\" alt=\"24filme_pr\u00e4s\" src=\"https:\/\/www.burg-halle.de\/id-neuwerk\/24-short-films-about-design\/wp-content\/uploads\/sites\/31\/2014\/05\/24filme_pr\u00e4s.jpg\" width=\"600\" height=\"auto\" srcset=\"https:\/\/www.burg-halle.de\/id-neuwerk\/24-short-films-about-design\/wp-content\/uploads\/sites\/31\/2014\/05\/24filme_pr\u00e4s.jpg 1396w, https:\/\/www.burg-halle.de\/id-neuwerk\/24-short-films-about-design\/wp-content\/uploads\/sites\/31\/2014\/05\/24filme_pr\u00e4s-300x211.jpg 300w, https:\/\/www.burg-halle.de\/id-neuwerk\/24-short-films-about-design\/wp-content\/uploads\/sites\/31\/2014\/05\/24filme_pr\u00e4s-1024x723.jpg 1024w\" sizes=\"(max-width: 1396px) 100vw, 1396px\" \/><\/p>\n<p>&nbsp;<\/p>\n<p><iframe loading=\"lazy\" src=\"https:\/\/player.vimeo.com\/video\/47587915?title=0&#038;byline=0&#038;portrait=0\" width=\"600\" height=\"338\" frameborder=\"0\" allow=\"autoplay; fullscreen\" allowfullscreen><\/iframe><\/p>\n<p>&nbsp;<\/p>\n<p><strong>24 Films about Design<\/strong><\/p>\n<p>Was ist, was kann, was will Design? Und wie lassen sich diese Fragen mit Hilfe von Filmen formulieren und untersuchen?<\/p>\n<p>Gegenstand in diesem Projekt ist Design in seinen unterschiedlichen Handlungsfeldern \u2013 vom zeichenhaften \u00fcber gegenst\u00e4ndliches und r\u00e4umliches bis zu prozesshaftem Gestalten; eine Reflektion von Haltungen, Anspr\u00fcchen und Ideologien; eine Untersuchung von Methoden und Vorgehensweisen. Film wird hier eingesetzt als Entwurfs- und Gestaltungsmedium, um Fragen zu stellen und spekulative Antworten zu suchen.<\/p>\n<p>Am Ende wird das Filmen selbst zum Untersuchungsgegenstand f\u00fcr seine m\u00f6glichen und vielf\u00e4ltigen Funktionen als Werkzeug im Designprozess.<\/p>\n<p>&nbsp;<\/p>\n<p>2:33<br \/>\n<strong>Momentaufnahmen<\/strong><br \/>\nStudium, Leben, Design<br \/>\nLeon Kucharski<\/p>\n<p>2:16<br \/>\n<strong>Brief an die Grossmutter<\/strong><br \/>\nJohanna Padge<\/p>\n<p>3:06<br \/>\n<strong>The Sound<\/strong><br \/>\n\u2013 Everything has its sound. And what could be the sound of some abstract thing,<br \/>\nsuch as time, dimension, distance and mind?<br \/>\nSenhui Qiu<\/p>\n<p>2:32<br \/>\n<strong>Kreativit\u00e4t<\/strong><br \/>\n\u2013 Eine kleine Reise (inspiriert vom Universal-Reisef\u00fchrer)<br \/>\nJan Panev<\/p>\n<p>5:04<br \/>\n<strong>Einsatz in vier W\u00e4nden<\/strong><br \/>\n\u2013 Der St\u00e4dte-Umbau-Ost schreitet voran.<br \/>\nAlexander Skowronski<\/p>\n<p>1:21<br \/>\n<strong>Icons<\/strong><br \/>\n\u2013 Ikonen des Produktdesigns \u2013 wir kennen sie alle, aber erkennen wir sie auch?<br \/>\nKirsten Grass<\/p>\n<p>3:56<br \/>\n<strong>Burckhardt\u2019s Ecke<\/strong><br \/>\n\u2013 Christopher Alexanders Figuren<br \/>\nbewegen sich durch Lucius Burckhardts Text \u201eDesign ist unsichtbar\u201c<br \/>\nJohanna Padge \/ Malte Westphalen<\/p>\n<p>2:33<br \/>\n<strong>Just a story<\/strong><br \/>\n\u2013 Die Geschichte der Menschheit ist eine Geschichte der Gestaltung \u2026<br \/>\nder Versuch einer Darstellung.<br \/>\nMalte Westphalen<\/p>\n<p>11:40<br \/>\n<strong>Gestalten<\/strong><br \/>\n\u2013 Ein Film \u00fcber Design \u2026 ohne Designer!<br \/>\nJohannes Sobeck<\/p>\n<p>2:28<br \/>\n<strong>leiten \/\/ lassen<\/strong><br \/>\n\u2013 Ein Film, der sich mit dem gedanklichen Prozess des Gestaltens besch\u00e4ftigt.<br \/>\nMaika Butter<\/p>\n<p>3:17<br \/>\n<strong>Nachbarschaft<\/strong><br \/>\nJuliane Huhn<\/p>\n<p>5:44<br \/>\n<strong>Am Anfang war der Klang<\/strong><br \/>\n\u2013 Eine Audioevolution<br \/>\nFelix F. Fleischer<\/p>\n<p>2:54<br \/>\n<strong>The daily game<\/strong><br \/>\n\u2013 Rohstoffe, Umwelt, Weltbev\u00f6lkerung, Industrie \u2026<br \/>\nwas unsere Welt bewegt!<br \/>\nRebekka Volz<\/p>\n<p>3:43<br \/>\n<strong>The global player<\/strong><br \/>\n\u2013 In Form eines Computerspiels werfe ich einen Blick in die Zukunft.<br \/>\nEin worst case Szenario im visuellen Charme von 8-Bit.<br \/>\nRebekka Volz<\/p>\n<p>5:17<br \/>\n<strong>[ ]<\/strong><br \/>\n\u2013 Ein Kurzfilm \u00fcber Perspektive, Entscheidungen<br \/>\nund die geistige Freiheit des Menschen.<br \/>\nFelix Kraemer<\/p>\n<p><span style=\"line-height: 1.5em;\">\u00a0<\/span><\/p>\n","protected":false},"excerpt":{"rendered":"<p>&nbsp; &nbsp; &nbsp; 24 Films about Design Was ist, was kann, was will Design? Und wie lassen sich diese Fragen mit Hilfe von Filmen formulieren und untersuchen? Gegenstand in diesem Projekt ist Design in seinen unterschiedlichen Handlungsfeldern \u2013 vom zeichenhaften \u00fcber gegenst\u00e4ndliches und r\u00e4umliches bis zu prozesshaftem Gestalten; eine Reflektion von Haltungen, Anspr\u00fcchen und Ideologien; [&hellip;]<\/p>\n","protected":false},"author":5,"featured_media":0,"parent":0,"menu_order":0,"comment_status":"open","ping_status":"open","template":"","meta":{"footnotes":""},"class_list":["post-467","page","type-page","status-publish","hentry"],"_links":{"self":[{"href":"https:\/\/www.burg-halle.de\/id-neuwerk\/24-short-films-about-design\/wp-json\/wp\/v2\/pages\/467","targetHints":{"allow":["GET"]}}],"collection":[{"href":"https:\/\/www.burg-halle.de\/id-neuwerk\/24-short-films-about-design\/wp-json\/wp\/v2\/pages"}],"about":[{"href":"https:\/\/www.burg-halle.de\/id-neuwerk\/24-short-films-about-design\/wp-json\/wp\/v2\/types\/page"}],"author":[{"embeddable":true,"href":"https:\/\/www.burg-halle.de\/id-neuwerk\/24-short-films-about-design\/wp-json\/wp\/v2\/users\/5"}],"replies":[{"embeddable":true,"href":"https:\/\/www.burg-halle.de\/id-neuwerk\/24-short-films-about-design\/wp-json\/wp\/v2\/comments?post=467"}],"version-history":[{"count":18,"href":"https:\/\/www.burg-halle.de\/id-neuwerk\/24-short-films-about-design\/wp-json\/wp\/v2\/pages\/467\/revisions"}],"predecessor-version":[{"id":639,"href":"https:\/\/www.burg-halle.de\/id-neuwerk\/24-short-films-about-design\/wp-json\/wp\/v2\/pages\/467\/revisions\/639"}],"wp:attachment":[{"href":"https:\/\/www.burg-halle.de\/id-neuwerk\/24-short-films-about-design\/wp-json\/wp\/v2\/media?parent=467"}],"curies":[{"name":"wp","href":"https:\/\/api.w.org\/{rel}","templated":true}]}}