{"id":2,"date":"2014-03-26T14:47:50","date_gmt":"2014-03-26T14:47:50","guid":{"rendered":"https:\/\/www.burg-halle.de\/id-neuwerk\/cut-go\/?page_id=2"},"modified":"2026-04-29T13:47:03","modified_gmt":"2026-04-29T11:47:03","slug":"thema","status":"publish","type":"page","link":"https:\/\/www.burg-halle.de\/id-neuwerk\/cut-go\/","title":{"rendered":"Thema"},"content":{"rendered":"<p><img decoding=\"async\" class=\"alignnone size-large wp-image-189\" src=\"https:\/\/www.burg-halle.de\/id-neuwerk\/cut-go\/wp-content\/uploads\/sites\/26\/2014\/03\/titel_3-1024x682.jpg\" alt=\"titel_3\" width=\"600\" height=\"auto\" srcset=\"https:\/\/www.burg-halle.de\/id-neuwerk\/cut-go\/wp-content\/uploads\/sites\/26\/2014\/03\/titel_3-1024x682.jpg 1024w, https:\/\/www.burg-halle.de\/id-neuwerk\/cut-go\/wp-content\/uploads\/sites\/26\/2014\/03\/titel_3-300x200.jpg 300w, https:\/\/www.burg-halle.de\/id-neuwerk\/cut-go\/wp-content\/uploads\/sites\/26\/2014\/03\/titel_3.jpg 1200w\" sizes=\"(max-width: 1024px) 100vw, 1024px\" \/><\/p>\n<p>&nbsp;<\/p>\n<p>Komplexes Gestalten *<br \/>\nMethodische Gestaltungs\u00fcbungen **<\/p>\n<p>Studiengang BA Industriedesign und MA Industrial Design<\/p>\n<p>&nbsp;<\/p>\n<p><strong>cut &amp; go<\/strong><br \/>\nSitzen, stellen, legen \u2026<br \/>\nEntw\u00fcrfe f\u00fcr CNC-Fr\u00e4se<\/p>\n<p>Ab dem Sommersemester 2010 wird in der Zentralwerkstatt des Designcampus eine neue CNC-Mehr-Achsenfr\u00e4se zur Verf\u00fcgung stehen. Grund genug, diese Technologie mit einem vitalen Projekt zu erobern!<\/p>\n<p>In drei Sessions entwerfen Sie je ein Produkt f\u00fcr die von Ihnen frei interpretierbaren Funktions-Kontexte\u00a0\u201eSitzen, Stellen, Legen \u2026\u201d<\/p>\n<p>Besonderer Augenmerk des Entwerfens und Konstruierens liegt hier in der subtilen Anwendung der dreidimensionalen Bearbeitung von (Holz-)Plattenwerkstoffen insbesondere im Hinblick auf die Entwicklung raffinierter Verbindungsdetails, in denen Konstruktion und Gestaltung zu besonderer \u00e4sthetischer Wirkung gesteigert werden k\u00f6nnen.<\/p>\n<p>Die Produkte sollen auf m\u00f6glichst einfache Art zusammenzusetzen wie auch zu zerlegen sein (knock down furniture).<\/p>\n<p>Die Entw\u00fcrfe werden 1:1 auf der CNC-Fr\u00e4se realisiert.<\/p>\n<p>&nbsp;<\/p>\n<p><em>input:<\/em><br \/>\n-&gt; Recherche \/ Referate<br \/>\n-&gt; Exkursion (ggfs. Salone di Mobili Milano, Kaether und Weise \u2026)<br \/>\n-&gt; Themen-Exkurse<\/p>\n<p><em>output:<\/em><br \/>\n-&gt; 1:1 Prototypen<br \/>\n-&gt; Ausstellung<br \/>\n-&gt; Dokumentation<\/p>\n<p>&nbsp;<\/p>\n<p><em>* Teilnehmer_innen aus dem 2. Studienjahr arbeiten in 2-er Teams und realisieren 3 Entw\u00fcrfe,<\/em><br \/>\n<em>** die Teilnehmer_innen ab dem dritten Studienjahr im BA-Studiengang sowie die Master-Studenten entwickeln im Alleingang je 3 Entw\u00fcrfe.<\/em><\/p>\n<p>&nbsp;<\/p>\n<p><em>Teilnehmer_innen:<\/em><br \/>\nHenrik Bettels, Max B\u00f6hme, Finnja Anders, Robert J\u00e4hnen, Sofia L\u00f6ser, Bianca Raupp, Markus Rossnagel, Johann Schmidt, Elisabeth Seyferth, Philipp Stingl, Anja Wippler, Alexander Wiefel \u2013 Fanny Christov, Henrike Gei\u00dfler \u2013 Xiaobai Li, Matthias Z\u00e4nsler<\/p>\n<p><em>Supervision:<\/em><br \/>\nProf. Guido Englich<\/p>\n<p><em>Trainer:<\/em><br \/>\nRobert Haslbeck, Torsten Klocke, David Oelschlaegel, Ilja Oelschlaegel<\/p>\n<p>&nbsp;<\/p>\n<p><img decoding=\"async\" class=\"alignnone size-large wp-image-187\" src=\"https:\/\/www.burg-halle.de\/id-neuwerk\/cut-go\/wp-content\/uploads\/sites\/26\/2014\/03\/titel_1-1024x768.jpg\" alt=\"titel_1\" width=\"600\" height=\"auto\" srcset=\"https:\/\/www.burg-halle.de\/id-neuwerk\/cut-go\/wp-content\/uploads\/sites\/26\/2014\/03\/titel_1-1024x768.jpg 1024w, https:\/\/www.burg-halle.de\/id-neuwerk\/cut-go\/wp-content\/uploads\/sites\/26\/2014\/03\/titel_1-300x225.jpg 300w, https:\/\/www.burg-halle.de\/id-neuwerk\/cut-go\/wp-content\/uploads\/sites\/26\/2014\/03\/titel_1.jpg 1200w\" sizes=\"(max-width: 1024px) 100vw, 1024px\" \/><\/p>\n<p>&nbsp;<\/p>\n<p>Studiengang BA Industriedesign und MA Industrial Design<br \/>\nSommersemester 2010<\/p>\n<p>Burg Giebichenstein Kunsthochschule Halle<\/p>\n<p>&nbsp;<\/p>\n","protected":false},"excerpt":{"rendered":"<p>&nbsp; Komplexes Gestalten * Methodische Gestaltungs\u00fcbungen ** Studiengang BA Industriedesign und MA Industrial Design &nbsp; cut &amp; go Sitzen, stellen, legen \u2026 Entw\u00fcrfe f\u00fcr CNC-Fr\u00e4se Ab dem Sommersemester 2010 wird in der Zentralwerkstatt des Designcampus eine neue CNC-Mehr-Achsenfr\u00e4se zur Verf\u00fcgung stehen. Grund genug, diese Technologie mit einem vitalen Projekt zu erobern! In drei Sessions entwerfen [&hellip;]<\/p>\n","protected":false},"author":5,"featured_media":0,"parent":0,"menu_order":0,"comment_status":"closed","ping_status":"closed","template":"","meta":{"footnotes":""},"class_list":["post-2","page","type-page","status-publish","hentry"],"_links":{"self":[{"href":"https:\/\/www.burg-halle.de\/id-neuwerk\/cut-go\/wp-json\/wp\/v2\/pages\/2","targetHints":{"allow":["GET"]}}],"collection":[{"href":"https:\/\/www.burg-halle.de\/id-neuwerk\/cut-go\/wp-json\/wp\/v2\/pages"}],"about":[{"href":"https:\/\/www.burg-halle.de\/id-neuwerk\/cut-go\/wp-json\/wp\/v2\/types\/page"}],"author":[{"embeddable":true,"href":"https:\/\/www.burg-halle.de\/id-neuwerk\/cut-go\/wp-json\/wp\/v2\/users\/5"}],"replies":[{"embeddable":true,"href":"https:\/\/www.burg-halle.de\/id-neuwerk\/cut-go\/wp-json\/wp\/v2\/comments?post=2"}],"version-history":[{"count":15,"href":"https:\/\/www.burg-halle.de\/id-neuwerk\/cut-go\/wp-json\/wp\/v2\/pages\/2\/revisions"}],"predecessor-version":[{"id":608,"href":"https:\/\/www.burg-halle.de\/id-neuwerk\/cut-go\/wp-json\/wp\/v2\/pages\/2\/revisions\/608"}],"wp:attachment":[{"href":"https:\/\/www.burg-halle.de\/id-neuwerk\/cut-go\/wp-json\/wp\/v2\/media?parent=2"}],"curies":[{"name":"wp","href":"https:\/\/api.w.org\/{rel}","templated":true}]}}