{"id":12,"date":"2021-01-15T11:44:05","date_gmt":"2021-01-15T10:44:05","guid":{"rendered":"https:\/\/www.burg-halle.de\/id-neuwerk\/designikonen\/?page_id=12"},"modified":"2021-01-15T18:39:35","modified_gmt":"2021-01-15T17:39:35","slug":"pop-up","status":"publish","type":"page","link":"https:\/\/www.burg-halle.de\/id-neuwerk\/designikonen\/pop-up\/","title":{"rendered":"Pop Up"},"content":{"rendered":"<p><iframe loading=\"lazy\" src=\"https:\/\/player.vimeo.com\/video\/500941812?title=0&amp;byline=0&amp;portrait=0\" width=\"600\" height=\"338\" frameborder=\"0\" allowfullscreen=\"allowfullscreen\"><\/iframe><\/p>\n<p><em>Zusammenstellung der Pop Ups\u00a0<\/em><\/p>\n<p>&nbsp;<\/p>\n<p>Zu jeder der recherchierten Personen wurde\u00a0ein charakteristisches Produkt, ein Objekt\u00a0oder eine Installation ausgew\u00e4hlt, die\u00a0als dreidimensionale Papiermodelle in Form eines Pop Up dargestellt werden.<\/p>\n<p>Dieses Papiermodell wird\u00a0so konstruiert, dass es sich in einem Pop Up Buch ausfalten oder aufstellen und auf einer Doppelseite entsprechend darstellen und inszenieren l\u00e4sst.<\/p>\n<p>Die\u00a0Papiermodelle sind\u00a0handwerklich mit Cutter, Schere\u00a0und\u00a0Klebstoff hergestellt. Ein wesentlicher Bestandteil der Auseinandersetzung beruht auch auf der Transformation des Ausgangsobjekts in eine Papierfaltung, bei der Wesensz\u00fcge erhalten bleiben, Details und Gesamtstruktur sich jedoch zwangsl\u00e4ufig ver\u00e4ndern.<\/p>\n<p>&nbsp;<\/p>\n<p>Camille von Gerkan<br \/>\nPop Up: Verner Panton<\/p>\n<p>Chaiyoon Shin<br \/>\nPop Up: Charles and Ray Eames<\/p>\n<p>Claus Hahn<br \/>\nPop Up: Achille Castiglioni<\/p>\n<p>Cornelius Thomas<br \/>\nPop Up: Anna Castelli Ferrieri<\/p>\n<p>Eden Szir<br \/>\nPop Up: Ettore Sottsass<\/p>\n<p>Emil L\u00f6ber<br \/>\nPop Up: Jasper Morrison<\/p>\n<p>Fidelis Falk<br \/>\nPop Up: Dieter Rams<\/p>\n<p>Fritz Breuer<br \/>\nPop Up: Hell Jongerius<\/p>\n<p>Hans Vogel<br \/>\nPop Up: Richard Sapper<\/p>\n<p>Jaehwan Lee<br \/>\nPop Up: Gerrit Rietveld<\/p>\n<p>Jaromir Meyr<br \/>\nPop Up: Margarete Sch\u00fctte-Lihotzky<\/p>\n<p>Jonathan Stein<br \/>\nPop Up: Konstantin Grcic<\/p>\n<p>Louis Steinhauser<br \/>\nPop Up: Ingo Maurer<\/p>\n<p>Malin Melzer<br \/>\nPop Up: Jean Prouv\u00e9<\/p>\n<p>Mareike Galle<br \/>\nPop Up: Marianne Brandt<\/p>\n<p>Max Koch<br \/>\nPop Up: Arne Jacobsen<\/p>\n<p>Melanie Lange<br \/>\nPop Up: Patricia Urquiola<\/p>\n<p>Pia Rothermund<br \/>\nPop Up: Eileen Gray<\/p>\n<p>Raphael Rustige<br \/>\nPop Up: Wilhelm Wagenfeld<\/p>\n<p>Robert Oberle<br \/>\nPop Up: Phillipe Starck<\/p>\n<p>RosalieSchmuck<br \/>\nPop Up: Charlotte Perriand<\/p>\n<p>Theo Lipinski<br \/>\nPop Up: Joe Colombo<\/p>\n<p>&nbsp;<\/p>\n","protected":false},"excerpt":{"rendered":"<p>Zusammenstellung der Pop Ups\u00a0 &nbsp; Zu jeder der recherchierten Personen wurde\u00a0ein charakteristisches Produkt, ein Objekt\u00a0oder eine Installation ausgew\u00e4hlt, die\u00a0als dreidimensionale Papiermodelle in Form eines Pop Up dargestellt werden. Dieses Papiermodell wird\u00a0so konstruiert, dass es sich in einem Pop Up Buch ausfalten oder aufstellen und auf einer Doppelseite entsprechend darstellen und inszenieren l\u00e4sst. Die\u00a0Papiermodelle sind\u00a0handwerklich mit [&hellip;]<\/p>\n","protected":false},"author":5,"featured_media":0,"parent":0,"menu_order":0,"comment_status":"closed","ping_status":"closed","template":"","meta":{"footnotes":""},"class_list":["post-12","page","type-page","status-publish","hentry"],"_links":{"self":[{"href":"https:\/\/www.burg-halle.de\/id-neuwerk\/designikonen\/wp-json\/wp\/v2\/pages\/12","targetHints":{"allow":["GET"]}}],"collection":[{"href":"https:\/\/www.burg-halle.de\/id-neuwerk\/designikonen\/wp-json\/wp\/v2\/pages"}],"about":[{"href":"https:\/\/www.burg-halle.de\/id-neuwerk\/designikonen\/wp-json\/wp\/v2\/types\/page"}],"author":[{"embeddable":true,"href":"https:\/\/www.burg-halle.de\/id-neuwerk\/designikonen\/wp-json\/wp\/v2\/users\/5"}],"replies":[{"embeddable":true,"href":"https:\/\/www.burg-halle.de\/id-neuwerk\/designikonen\/wp-json\/wp\/v2\/comments?post=12"}],"version-history":[{"count":7,"href":"https:\/\/www.burg-halle.de\/id-neuwerk\/designikonen\/wp-json\/wp\/v2\/pages\/12\/revisions"}],"predecessor-version":[{"id":52,"href":"https:\/\/www.burg-halle.de\/id-neuwerk\/designikonen\/wp-json\/wp\/v2\/pages\/12\/revisions\/52"}],"wp:attachment":[{"href":"https:\/\/www.burg-halle.de\/id-neuwerk\/designikonen\/wp-json\/wp\/v2\/media?parent=12"}],"curies":[{"name":"wp","href":"https:\/\/api.w.org\/{rel}","templated":true}]}}