{"id":16,"date":"2014-09-19T11:38:14","date_gmt":"2014-09-19T09:38:14","guid":{"rendered":"https:\/\/www.burg-halle.de\/id-neuwerk\/easy-made-design-for-download\/?page_id=16"},"modified":"2014-09-19T11:39:55","modified_gmt":"2014-09-19T09:39:55","slug":"film","status":"publish","type":"page","link":"https:\/\/www.burg-halle.de\/id-neuwerk\/easy-made-design-for-download\/film\/","title":{"rendered":"Film"},"content":{"rendered":"<p>&nbsp;<\/p>\n<p><iframe loading=\"lazy\" src=\"\/\/player.vimeo.com\/video\/106590670?title=0&amp;byline=0&amp;portrait=0\" height=\"338\" width=\"600\" allowfullscreen=\"\" frameborder=\"0\"><\/iframe><\/p>\n<p>&nbsp;<\/p>\n<p><strong>easy made<\/strong><br \/>\n<em>do-it-for-others \/ design for download<\/em><\/p>\n<p>in diesem 2-w\u00f6chigen kurz-projekt f\u00fcr studierende des ersten semesters im studiengang industriedesign werden zwei design-strategien verkn\u00fcpft:<\/p>\n<p>\u2026 zum einen strategien des readymade, das meint das raffinierte neu-interpretieren und kombinieren von vorhandenen artefakten, dingen und ressourcen zu nutzbaren gegenst\u00e4nden und objekten<\/p>\n<p>\u2026 zum anderen design als open-source-strategie, das meint den designer als freigiebigen generator von ideen zu neuen verk\u00fcpfungen, als moderator und erm\u00f6glicher, als anreger und impulsgeber.<\/p>\n<p>&nbsp;<\/p>\n","protected":false},"excerpt":{"rendered":"<p>&nbsp; &nbsp; easy made do-it-for-others \/ design for download in diesem 2-w\u00f6chigen kurz-projekt f\u00fcr studierende des ersten semesters im studiengang industriedesign werden zwei design-strategien verkn\u00fcpft: \u2026 zum einen strategien des readymade, das meint das raffinierte neu-interpretieren und kombinieren von vorhandenen artefakten, dingen und ressourcen zu nutzbaren gegenst\u00e4nden und objekten \u2026 zum anderen design als open-source-strategie, [&hellip;]<\/p>\n","protected":false},"author":5,"featured_media":0,"parent":0,"menu_order":0,"comment_status":"open","ping_status":"open","template":"","meta":{"footnotes":""},"class_list":["post-16","page","type-page","status-publish","hentry"],"_links":{"self":[{"href":"https:\/\/www.burg-halle.de\/id-neuwerk\/easy-made-design-for-download\/wp-json\/wp\/v2\/pages\/16","targetHints":{"allow":["GET"]}}],"collection":[{"href":"https:\/\/www.burg-halle.de\/id-neuwerk\/easy-made-design-for-download\/wp-json\/wp\/v2\/pages"}],"about":[{"href":"https:\/\/www.burg-halle.de\/id-neuwerk\/easy-made-design-for-download\/wp-json\/wp\/v2\/types\/page"}],"author":[{"embeddable":true,"href":"https:\/\/www.burg-halle.de\/id-neuwerk\/easy-made-design-for-download\/wp-json\/wp\/v2\/users\/5"}],"replies":[{"embeddable":true,"href":"https:\/\/www.burg-halle.de\/id-neuwerk\/easy-made-design-for-download\/wp-json\/wp\/v2\/comments?post=16"}],"version-history":[{"count":2,"href":"https:\/\/www.burg-halle.de\/id-neuwerk\/easy-made-design-for-download\/wp-json\/wp\/v2\/pages\/16\/revisions"}],"predecessor-version":[{"id":19,"href":"https:\/\/www.burg-halle.de\/id-neuwerk\/easy-made-design-for-download\/wp-json\/wp\/v2\/pages\/16\/revisions\/19"}],"wp:attachment":[{"href":"https:\/\/www.burg-halle.de\/id-neuwerk\/easy-made-design-for-download\/wp-json\/wp\/v2\/media?parent=16"}],"curies":[{"name":"wp","href":"https:\/\/api.w.org\/{rel}","templated":true}]}}