{"id":21,"date":"2017-08-24T14:24:34","date_gmt":"2017-08-24T12:24:34","guid":{"rendered":"https:\/\/www.burg-halle.de\/id-neuwerk\/flyingkitchen\/?page_id=21"},"modified":"2017-08-24T14:27:51","modified_gmt":"2017-08-24T12:27:51","slug":"jahresausstellung","status":"publish","type":"page","link":"https:\/\/www.burg-halle.de\/id-neuwerk\/flyingkitchen\/jahresausstellung\/","title":{"rendered":"Jahresausstellung"},"content":{"rendered":"<p><iframe loading=\"lazy\" src=\"https:\/\/player.vimeo.com\/video\/226909614?title=0&amp;byline=0&amp;portrait=0\" width=\"600\" height=\"338\" frameborder=\"0\" allowfullscreen=\"allowfullscreen\"><\/iframe><\/p>\n<pre>Film von den fliegenden K\u00fcchen auf der Jahresausstellung 2017<\/pre>\n<p>&nbsp;<\/p>\n<p><strong>Flying Kitchen \u2026 <\/strong><br \/>\n<em>Generalprobe auf der Jahresausstellung<\/em><\/p>\n<p>An den fliegenden K\u00fcchen wird gekocht und bewirtet.<\/p>\n<p>&nbsp;<\/p>\n<p>VERTIKAL<br \/>\nAnnika Keppler, Jakob M\u00fcller, Leonie Schima<\/p>\n<p>NACHBARK\u00dcCHE<br \/>\nGabriele Bellan, Monika Hoffmann, Valentina Schneider<\/p>\n<p>K\u00dcCHE IM AUSNAHMEZUSTAND<br \/>\nAnna Herbert, Lorenz Kuschnig<\/p>\n<p>DIE FLOTTEN LOTTEN<br \/>\nKooperation mit \u201eFood not Borders \u2013 Koch-Kollektiv\u201d<br \/>\nAnna R\u00fcffert, Miriam Treml, Leonard Ziemer<\/p>\n<p>MOBILE MOSTEREI \/ MostTOUR<br \/>\nSebastian Quiroz Segovia, Ruben Strahl, Bianca Voigt<\/p>\n<p>AD HOC<br \/>\nRobert Hahn, Amelie Ikas, Maria Tagliabue<\/p>\n<p>STADT GARTEN K\u00dcCHE<br \/>\nKooperation mit wwwgarten Uni W\u00fcrzburg<br \/>\nTobias Behley, Michael Ercolani, Franz Rother<\/p>\n<p>ROADSHOW<br \/>\nKooperation mit \u201eKitchen on the run\u201d<br \/>\nEmilie Pohling, Ruben Lagies, Tobias Rell<\/p>\n<p>&nbsp;<\/p>\n","protected":false},"excerpt":{"rendered":"<p>Film von den fliegenden K\u00fcchen auf der Jahresausstellung 2017 &nbsp; Flying Kitchen \u2026 Generalprobe auf der Jahresausstellung An den fliegenden K\u00fcchen wird gekocht und bewirtet. &nbsp; VERTIKAL Annika Keppler, Jakob M\u00fcller, Leonie Schima NACHBARK\u00dcCHE Gabriele Bellan, Monika Hoffmann, Valentina Schneider K\u00dcCHE IM AUSNAHMEZUSTAND Anna Herbert, Lorenz Kuschnig DIE FLOTTEN LOTTEN Kooperation mit \u201eFood not Borders [&hellip;]<\/p>\n","protected":false},"author":5,"featured_media":0,"parent":0,"menu_order":0,"comment_status":"closed","ping_status":"closed","template":"","meta":{"footnotes":""},"class_list":["post-21","page","type-page","status-publish","hentry"],"_links":{"self":[{"href":"https:\/\/www.burg-halle.de\/id-neuwerk\/flyingkitchen\/wp-json\/wp\/v2\/pages\/21","targetHints":{"allow":["GET"]}}],"collection":[{"href":"https:\/\/www.burg-halle.de\/id-neuwerk\/flyingkitchen\/wp-json\/wp\/v2\/pages"}],"about":[{"href":"https:\/\/www.burg-halle.de\/id-neuwerk\/flyingkitchen\/wp-json\/wp\/v2\/types\/page"}],"author":[{"embeddable":true,"href":"https:\/\/www.burg-halle.de\/id-neuwerk\/flyingkitchen\/wp-json\/wp\/v2\/users\/5"}],"replies":[{"embeddable":true,"href":"https:\/\/www.burg-halle.de\/id-neuwerk\/flyingkitchen\/wp-json\/wp\/v2\/comments?post=21"}],"version-history":[{"count":4,"href":"https:\/\/www.burg-halle.de\/id-neuwerk\/flyingkitchen\/wp-json\/wp\/v2\/pages\/21\/revisions"}],"predecessor-version":[{"id":26,"href":"https:\/\/www.burg-halle.de\/id-neuwerk\/flyingkitchen\/wp-json\/wp\/v2\/pages\/21\/revisions\/26"}],"wp:attachment":[{"href":"https:\/\/www.burg-halle.de\/id-neuwerk\/flyingkitchen\/wp-json\/wp\/v2\/media?parent=21"}],"curies":[{"name":"wp","href":"https:\/\/api.w.org\/{rel}","templated":true}]}}