{"id":2,"date":"2020-08-24T13:43:33","date_gmt":"2020-08-24T11:43:33","guid":{"rendered":"https:\/\/www.burg-halle.de\/id-neuwerk\/formwandel\/?page_id=2"},"modified":"2021-01-22T11:42:46","modified_gmt":"2021-01-22T10:42:46","slug":"beispiel-seite","status":"publish","type":"page","link":"https:\/\/www.burg-halle.de\/id-neuwerk\/formwandel\/","title":{"rendered":"Thema"},"content":{"rendered":"<p><iframe loading=\"lazy\" src=\"https:\/\/player.vimeo.com\/video\/436236906?title=0&amp;byline=0&amp;portrait=0\" width=\"600\" height=\"338\" frameborder=\"0\" allowfullscreen=\"allowfullscreen\"><\/iframe><\/p>\n<pre>Trailer<\/pre>\n<p>&nbsp;<\/p>\n<p>Methodische Gestaltungs\u00fcbungen im 2. Studienjahr<br \/>\nBachelor-Studiengang Industriedesign<\/p>\n<p>&nbsp;<\/p>\n<p><strong>Form Wandel Magazin<\/strong><br \/>\n<em>Erforschen und Entwerfen variabler Objekte<\/em><\/p>\n<p>In drei Sessions untersuchen wir dynamische Objekte in Machart und Ver\u00e4nderbarkeit.<br \/>\nWir entdecken Prinzipien der Kinetik, Transformation und Metamorphose sowie Material\u00adeigenschaften, Herstellungs- und Verarbeitungstechnologien.<br \/>\nGegenst\u00e4ndliches Experimentieren und gesammelte Erkenntnisse inspirieren zu eigenen Entw\u00fcrfen.<\/p>\n<p>&nbsp;<\/p>\n<p>Drei Untersuchungsfelder \/ drei Sessions:<br \/>\n&#8211; Kinetik und Geometrie<br \/>\n&#8211; Flexibilit\u00e4t und Elastik<br \/>\n&#8211; Druck und Spannung<\/p>\n<p>&nbsp;<\/p>\n<p>In diesem Projekt werden wir zu entwerfenden Reportern, die gemeinsam entdecken, entwerfen, berichten und das Form Wandel Magazin als Film mit spannenden Stories und Features, Tutorials und Reportagen f\u00fcllen.<\/p>\n<p>Das Magazin ist sowohl ein realer Speicher von Beobachtungen, Sammlungen, Erfahrungen, Modellen und Experimenten als auch digitales Kommunikationsvehikel und filmisches Wissensarchiv.<\/p>\n<p>&nbsp;<\/p>\n<p><em>Input:<\/em><br \/>\n&#8211; Exkursion (gemeinsam oder individuell)<br \/>\n&#8211; Research und Reportage Workshop (Filmtechnik und Interviewstrategien)<br \/>\n&#8211; Workshop zu Werkzeugbau und Prototypen<\/p>\n<p>&nbsp;<\/p>\n<p><em>Geplante Exkursionen:<\/em><br \/>\n&#8211; Museum der Dinge Berlin<br \/>\n&#8211; Plastic Fantastic Berlin<br \/>\n&#8211; Inflatables Lab Bauhaus Uni Weimar<br \/>\n&#8211; Kunstgewerbemuseum Dresden<br \/>\n&#8211; Grassi Museum Leipzig<\/p>\n<p>&nbsp;<\/p>\n<p><em>Output:<\/em><br \/>\n&#8211; Modellreihen \/ Prototypen<br \/>\n&#8211; Beitr\u00e4ge f\u00fcr filmisches Magazin und regelm\u00e4\u00dfige Sendung<br \/>\n&#8211; Pr\u00e4sentation \/ Ausstellung der Objekte und Medien<\/p>\n<p>&nbsp;<\/p>\n<p>Studierende:<br \/>\nDaniel Boehm, Judith Burgard, Lucia Gallo, Malte Gebhardt, Vincent Kaup, Yerin Kim, Christoph Kortung, Maelle Ludwig, Seong Heum Na, Marvin Robert, Raymond Sandy, Lion Sanguinette, Emilia Sonntag, Chenghan Yuan<\/p>\n<p>Workshops:<br \/>\nVincent Zimmer, Benno Brucksch, Kristian Gohlke<\/p>\n<p>Moderation:<br \/>\nProf. Guido Englich, KM\u00a0Benjamin\u00a0Schief<\/p>\n<p>&nbsp;<\/p>\n<p>Burg Giebichenstein<br \/>\nKunsthochschule Halle<\/p>\n<p>&nbsp;<\/p>\n<p>&nbsp;<\/p>\n","protected":false},"excerpt":{"rendered":"<p>Trailer &nbsp; Methodische Gestaltungs\u00fcbungen im 2. Studienjahr Bachelor-Studiengang Industriedesign &nbsp; Form Wandel Magazin Erforschen und Entwerfen variabler Objekte In drei Sessions untersuchen wir dynamische Objekte in Machart und Ver\u00e4nderbarkeit. Wir entdecken Prinzipien der Kinetik, Transformation und Metamorphose sowie Material\u00adeigenschaften, Herstellungs- und Verarbeitungstechnologien. Gegenst\u00e4ndliches Experimentieren und gesammelte Erkenntnisse inspirieren zu eigenen Entw\u00fcrfen. &nbsp; Drei Untersuchungsfelder \/ [&hellip;]<\/p>\n","protected":false},"author":5,"featured_media":0,"parent":0,"menu_order":0,"comment_status":"closed","ping_status":"closed","template":"","meta":{"footnotes":""},"class_list":["post-2","page","type-page","status-publish","hentry"],"_links":{"self":[{"href":"https:\/\/www.burg-halle.de\/id-neuwerk\/formwandel\/wp-json\/wp\/v2\/pages\/2","targetHints":{"allow":["GET"]}}],"collection":[{"href":"https:\/\/www.burg-halle.de\/id-neuwerk\/formwandel\/wp-json\/wp\/v2\/pages"}],"about":[{"href":"https:\/\/www.burg-halle.de\/id-neuwerk\/formwandel\/wp-json\/wp\/v2\/types\/page"}],"author":[{"embeddable":true,"href":"https:\/\/www.burg-halle.de\/id-neuwerk\/formwandel\/wp-json\/wp\/v2\/users\/5"}],"replies":[{"embeddable":true,"href":"https:\/\/www.burg-halle.de\/id-neuwerk\/formwandel\/wp-json\/wp\/v2\/comments?post=2"}],"version-history":[{"count":10,"href":"https:\/\/www.burg-halle.de\/id-neuwerk\/formwandel\/wp-json\/wp\/v2\/pages\/2\/revisions"}],"predecessor-version":[{"id":16,"href":"https:\/\/www.burg-halle.de\/id-neuwerk\/formwandel\/wp-json\/wp\/v2\/pages\/2\/revisions\/16"}],"wp:attachment":[{"href":"https:\/\/www.burg-halle.de\/id-neuwerk\/formwandel\/wp-json\/wp\/v2\/media?parent=2"}],"curies":[{"name":"wp","href":"https:\/\/api.w.org\/{rel}","templated":true}]}}