{"id":16,"date":"2020-05-22T17:33:32","date_gmt":"2020-05-22T15:33:32","guid":{"rendered":"https:\/\/www.burg-halle.de\/id-neuwerk\/kinetik-kettenreaktion\/?page_id=16"},"modified":"2020-08-02T22:32:34","modified_gmt":"2020-08-02T20:32:34","slug":"recut-filme","status":"publish","type":"page","link":"https:\/\/www.burg-halle.de\/id-neuwerk\/kinetik-kettenreaktion\/recut-filme\/","title":{"rendered":"ReCut Filme"},"content":{"rendered":"<p>Recherchen in der\u00a0Kunst- und Designgeschichte: von den kinetischen Licht- und Bewegungsobjekten von L\u00e1szl\u00f3 Moholy-Nagy \u00fcber die konstruktivistischen Maschinen der K\u00fcnstler Tatlin und Rodtschenko, die Mobiles von Calder, die Fantasiemaschinen von Tinguely oder die poetischen Objekte Rebecca Horns \u2026<br \/>\nbis zu Gestaltern wie Buckminster Fuller, Chuck Hoberman und anderen, bei deren Entw\u00fcrfen die Bewegung (oder Form\u00e4nderung) zum Gestaltungsmerkmal geh\u00f6rt.<\/p>\n<p>Die Recherchen werden nach der ReCut-Methode als kurze Filme mit einer L\u00e4nge von 3 \u2013 5 Minuten geschnitten.<\/p>\n<p>&nbsp;<\/p>\n<p><strong>Design \/ Architektur \/ Technik<\/strong><\/p>\n<p>&nbsp;<\/p>\n<p><iframe loading=\"lazy\" src=\"https:\/\/player.vimeo.com\/video\/438959293\" width=\"600\" height=\"338\" frameborder=\"0\" allowfullscreen=\"allowfullscreen\"><\/iframe><\/p>\n<p>&nbsp;<\/p>\n<p><strong>Richard Buckminster Fuller\u00a0<\/strong><br \/>\nReCut von Vincent Kaup<\/p>\n<p>&nbsp;<\/p>\n<p><iframe loading=\"lazy\" src=\"https:\/\/player.vimeo.com\/video\/421997244?title=0&amp;byline=0&amp;portrait=0\" width=\"600\" height=\"338\" frameborder=\"0\" allowfullscreen=\"allowfullscreen\"><\/iframe><\/p>\n<p>&nbsp;<\/p>\n<p><strong>Tensegrity<\/strong><br \/>\nReCut von Joel Seele<\/p>\n<p><a href=\"https:\/\/www.burg-halle.de\/id-neuwerk\/kinetik-kettenreaktion\/wp-content\/uploads\/sites\/60\/2020\/05\/ReCut_Tensegrity_quellen.pdf\" target=\"_blank\" rel=\"noopener noreferrer\"><strong>Quellen<\/strong><\/a><\/p>\n<p>&nbsp;<\/p>\n<p><iframe loading=\"lazy\" src=\"https:\/\/player.vimeo.com\/video\/421521918?title=0&amp;byline=0&amp;portrait=0\" width=\"600\" height=\"338\" frameborder=\"0\" allowfullscreen=\"allowfullscreen\" data-mce-fragment=\"1\"><\/iframe><\/p>\n<p>&nbsp;<\/p>\n<p><strong>Archigram<\/strong><br \/>\nReCut von\u00a0Raymond Francis Sandy<\/p>\n<p><a href=\"https:\/\/www.burg-halle.de\/id-neuwerk\/kinetik-kettenreaktion\/wp-content\/uploads\/sites\/60\/2020\/05\/ReCut_ARCHIGRAM_Quellen.pdf\" target=\"_blank\" rel=\"noopener noreferrer\"><strong>Quellen<\/strong><\/a><\/p>\n<p>&nbsp;<\/p>\n<p><iframe loading=\"lazy\" src=\"https:\/\/player.vimeo.com\/video\/421787940?title=0&amp;byline=0&amp;portrait=0\" width=\"600\" height=\"338\" frameborder=\"0\" allowfullscreen=\"allowfullscreen\"><\/iframe><\/p>\n<p>&nbsp;<\/p>\n<p><strong>Chuck Hoberman<\/strong><br \/>\nReCut von Lion Sanguinette<\/p>\n<p>Quellen<\/p>\n<p>&nbsp;<\/p>\n<p><iframe loading=\"lazy\" src=\"https:\/\/player.vimeo.com\/video\/421522476?title=0&amp;byline=0&amp;portrait=0\" width=\"600\" height=\"338\" frameborder=\"0\" allowfullscreen=\"allowfullscreen\"><\/iframe><\/p>\n<p>&nbsp;<\/p>\n<p><strong>Adaptive Structural Skins and Self folding robots<\/strong><br \/>\nReCut von Marvin Alexander Robert<\/p>\n<p><a href=\"https:\/\/www.burg-halle.de\/id-neuwerk\/kinetik-kettenreaktion\/wp-content\/uploads\/sites\/60\/2020\/05\/ReCut_Transformability_Quellen.pdf\" target=\"_blank\" rel=\"noopener noreferrer\"><strong>Quellen<\/strong><\/a><\/p>\n<p>&nbsp;<\/p>\n<p><iframe loading=\"lazy\" src=\"https:\/\/player.vimeo.com\/video\/421523231?title=0&amp;byline=0&amp;portrait=0\" width=\"600\" height=\"338\" frameborder=\"0\" allowfullscreen=\"allowfullscreen\" data-mce-fragment=\"1\"><\/iframe><\/p>\n<p>&nbsp;<\/p>\n<p><strong>Theo Jansen<\/strong><br \/>\nReCut von\u00a0Ruud van den Eijnden<\/p>\n<p><a href=\"https:\/\/www.burg-halle.de\/id-neuwerk\/kinetik-kettenreaktion\/wp-content\/uploads\/sites\/60\/2020\/05\/ReCut_Strandbeasts_quellen.pdf\" target=\"_blank\" rel=\"noopener noreferrer\"><strong>Quellen<\/strong><\/a><\/p>\n<p>&nbsp;<\/p>\n<p><strong>Kinetische Kunst<\/strong><\/p>\n<p>&nbsp;<\/p>\n<p><iframe loading=\"lazy\" src=\"https:\/\/player.vimeo.com\/video\/421529479?title=0&amp;byline=0&amp;portrait=0\" width=\"600\" height=\"338\" frameborder=\"0\" allowfullscreen=\"allowfullscreen\" data-mce-fragment=\"1\"><\/iframe><\/p>\n<p>&nbsp;<\/p>\n<p><strong>Konstruktivisten<\/strong><br \/>\nReCut von Judith Burgard<\/p>\n<p><a href=\"https:\/\/www.burg-halle.de\/id-neuwerk\/kinetik-kettenreaktion\/wp-content\/uploads\/sites\/60\/2020\/05\/ReCut_Konstruktivisten_quellen.pdf\" target=\"_blank\" rel=\"noopener noreferrer\"><strong>Quellen<\/strong><\/a><\/p>\n<p>&nbsp;<\/p>\n<p><iframe loading=\"lazy\" src=\"https:\/\/player.vimeo.com\/video\/421528948?title=0&amp;byline=0&amp;portrait=0\" width=\"600\" height=\"338\" frameborder=\"0\" allowfullscreen=\"allowfullscreen\" data-mce-fragment=\"1\"><\/iframe><\/p>\n<p>&nbsp;<\/p>\n<p><strong>L\u00e1szl\u00f3 Moholy-Nagy<\/strong><br \/>\nReCut von\u00a0Lucia Gallo<\/p>\n<p><a href=\"https:\/\/www.burg-halle.de\/id-neuwerk\/kinetik-kettenreaktion\/wp-content\/uploads\/sites\/60\/2020\/05\/ReCut_Moholy-Nagy_quellen.pdf\" target=\"_blank\" rel=\"noopener noreferrer\"><strong>Quellen<\/strong><\/a><\/p>\n<p>&nbsp;<\/p>\n<p><iframe loading=\"lazy\" src=\"https:\/\/player.vimeo.com\/video\/421528036?title=0&amp;byline=0&amp;portrait=0\" width=\"600\" height=\"338\" frameborder=\"0\" allowfullscreen=\"allowfullscreen\" data-mce-fragment=\"1\"><\/iframe><\/p>\n<p>&nbsp;<\/p>\n<p><strong>Alexander Calder<\/strong><br \/>\nReCut von\u00a0Seong Heum Na<\/p>\n<p><a href=\"https:\/\/www.burg-halle.de\/id-neuwerk\/kinetik-kettenreaktion\/wp-content\/uploads\/sites\/60\/2020\/05\/ReCut_Alexander_Calder_quellen.pdf\" target=\"_blank\" rel=\"noopener noreferrer\"><strong>Quellen<\/strong><\/a><\/p>\n<p>&nbsp;<\/p>\n<p><iframe loading=\"lazy\" src=\"https:\/\/player.vimeo.com\/video\/421526196?title=0&amp;byline=0&amp;portrait=0\" width=\"600\" height=\"338\" frameborder=\"0\" allowfullscreen=\"allowfullscreen\" data-mce-fragment=\"1\"><\/iframe><\/p>\n<p>&nbsp;<\/p>\n<p><strong>Jean Tinguely<\/strong><br \/>\nReCut von\u00a0Emilia Sonntag<\/p>\n<p><a href=\"https:\/\/www.burg-halle.de\/id-neuwerk\/kinetik-kettenreaktion\/wp-content\/uploads\/sites\/60\/2020\/05\/ReCut_Jean_Tinguely_quellen.pdf\" target=\"_blank\" rel=\"noopener noreferrer\"><strong>Quellen<\/strong><\/a><\/p>\n<p>&nbsp;<\/p>\n<p><iframe loading=\"lazy\" src=\"https:\/\/player.vimeo.com\/video\/422261829?title=0&amp;byline=0&amp;portrait=0\" width=\"600\" height=\"338\" frameborder=\"0\" allowfullscreen=\"allowfullscreen\"><\/iframe><\/p>\n<p>&nbsp;<\/p>\n<p><strong>ZERO<\/strong><br \/>\nReCut von\u00a0Malte Gebhardt<\/p>\n<p><a href=\"https:\/\/www.burg-halle.de\/id-neuwerk\/kinetik-kettenreaktion\/wp-content\/uploads\/sites\/60\/2020\/05\/ZERO_ReCut_quellen.pdf\" target=\"_blank\" rel=\"noopener noreferrer\"><strong>Quellen<\/strong><\/a><\/p>\n<p>&nbsp;<\/p>\n<p><iframe loading=\"lazy\" src=\"https:\/\/player.vimeo.com\/video\/444044515\" width=\"600\" height=\"450\" frameborder=\"0\" allowfullscreen=\"allowfullscreen\"><\/iframe><\/p>\n<p>&nbsp;<\/p>\n<p><strong>Rebecca Horn<\/strong><br \/>\nReCut\u00a0von Christoph Kortung<\/p>\n<p><a href=\"https:\/\/www.burg-halle.de\/id-neuwerk\/kinetik-kettenreaktion\/wp-content\/uploads\/sites\/60\/2020\/08\/Rebecca_Horn_ReCut_Quellen.pdf\" target=\"_blank\" rel=\"noopener noreferrer\"><strong>Quellen<\/strong><\/a><\/p>\n<p>&nbsp;<\/p>\n<p><iframe loading=\"lazy\" src=\"https:\/\/player.vimeo.com\/video\/421524140?title=0&amp;byline=0&amp;portrait=0\" width=\"600\" height=\"338\" frameborder=\"0\" allowfullscreen=\"allowfullscreen\" data-mce-fragment=\"1\"><\/iframe><\/p>\n<p>&nbsp;<\/p>\n<p><strong>Reuben Margolin<\/strong><br \/>\nReCut von\u00a0Yerin Kim<\/p>\n<p><a href=\"https:\/\/www.burg-halle.de\/id-neuwerk\/kinetik-kettenreaktion\/wp-content\/uploads\/sites\/60\/2020\/05\/ReCut_Reuben-Margolin_quellen.pdf\" target=\"_blank\" rel=\"noopener noreferrer\"><strong>Quellen<\/strong><\/a><\/p>\n<p>&nbsp;<\/p>\n<p><iframe loading=\"lazy\" src=\"https:\/\/player.vimeo.com\/video\/421524981?title=0&amp;byline=0&amp;portrait=0\" width=\"600\" height=\"338\" frameborder=\"0\" allowfullscreen=\"allowfullscreen\" data-mce-fragment=\"1\"><\/iframe><\/p>\n<p>&nbsp;<\/p>\n<p><strong>Arthur Ganson<\/strong><br \/>\nReCut von Jungwoon Lee<\/p>\n<p><a href=\"https:\/\/www.burg-halle.de\/id-neuwerk\/kinetik-kettenreaktion\/wp-content\/uploads\/sites\/60\/2020\/05\/ReCut_Arthur_Ganson_Quellen.pdf\" target=\"_blank\" rel=\"noopener noreferrer\"><strong>Quellen<\/strong><\/a><\/p>\n<p>&nbsp;<\/p>\n","protected":false},"excerpt":{"rendered":"<p>Recherchen in der\u00a0Kunst- und Designgeschichte: von den kinetischen Licht- und Bewegungsobjekten von L\u00e1szl\u00f3 Moholy-Nagy \u00fcber die konstruktivistischen Maschinen der K\u00fcnstler Tatlin und Rodtschenko, die Mobiles von Calder, die Fantasiemaschinen von Tinguely oder die poetischen Objekte Rebecca Horns \u2026 bis zu Gestaltern wie Buckminster Fuller, Chuck Hoberman und anderen, bei deren Entw\u00fcrfen die Bewegung (oder Form\u00e4nderung) [&hellip;]<\/p>\n","protected":false},"author":5,"featured_media":0,"parent":0,"menu_order":0,"comment_status":"closed","ping_status":"closed","template":"","meta":{"footnotes":""},"class_list":["post-16","page","type-page","status-publish","hentry"],"_links":{"self":[{"href":"https:\/\/www.burg-halle.de\/id-neuwerk\/kinetik-kettenreaktion\/wp-json\/wp\/v2\/pages\/16","targetHints":{"allow":["GET"]}}],"collection":[{"href":"https:\/\/www.burg-halle.de\/id-neuwerk\/kinetik-kettenreaktion\/wp-json\/wp\/v2\/pages"}],"about":[{"href":"https:\/\/www.burg-halle.de\/id-neuwerk\/kinetik-kettenreaktion\/wp-json\/wp\/v2\/types\/page"}],"author":[{"embeddable":true,"href":"https:\/\/www.burg-halle.de\/id-neuwerk\/kinetik-kettenreaktion\/wp-json\/wp\/v2\/users\/5"}],"replies":[{"embeddable":true,"href":"https:\/\/www.burg-halle.de\/id-neuwerk\/kinetik-kettenreaktion\/wp-json\/wp\/v2\/comments?post=16"}],"version-history":[{"count":22,"href":"https:\/\/www.burg-halle.de\/id-neuwerk\/kinetik-kettenreaktion\/wp-json\/wp\/v2\/pages\/16\/revisions"}],"predecessor-version":[{"id":172,"href":"https:\/\/www.burg-halle.de\/id-neuwerk\/kinetik-kettenreaktion\/wp-json\/wp\/v2\/pages\/16\/revisions\/172"}],"wp:attachment":[{"href":"https:\/\/www.burg-halle.de\/id-neuwerk\/kinetik-kettenreaktion\/wp-json\/wp\/v2\/media?parent=16"}],"curies":[{"name":"wp","href":"https:\/\/api.w.org\/{rel}","templated":true}]}}