{"id":2,"date":"2020-05-22T16:34:29","date_gmt":"2020-05-22T14:34:29","guid":{"rendered":"https:\/\/www.burg-halle.de\/id-neuwerk\/kinetik-kettenreaktion\/?page_id=2"},"modified":"2020-05-23T17:48:01","modified_gmt":"2020-05-23T15:48:01","slug":"beispiel-seite","status":"publish","type":"page","link":"https:\/\/www.burg-halle.de\/id-neuwerk\/kinetik-kettenreaktion\/","title":{"rendered":"Thema"},"content":{"rendered":"<p><img loading=\"lazy\" decoding=\"async\" class=\"alignnone wp-image-46\" src=\"https:\/\/www.burg-halle.de\/id-neuwerk\/kinetik-kettenreaktion\/wp-content\/uploads\/sites\/60\/2020\/05\/screenshot_FA_2020_online-1024x640.jpg\" alt=\"\" width=\"600\" height=\"375\" srcset=\"https:\/\/www.burg-halle.de\/id-neuwerk\/kinetik-kettenreaktion\/wp-content\/uploads\/sites\/60\/2020\/05\/screenshot_FA_2020_online-1024x640.jpg 1024w, https:\/\/www.burg-halle.de\/id-neuwerk\/kinetik-kettenreaktion\/wp-content\/uploads\/sites\/60\/2020\/05\/screenshot_FA_2020_online-300x188.jpg 300w, https:\/\/www.burg-halle.de\/id-neuwerk\/kinetik-kettenreaktion\/wp-content\/uploads\/sites\/60\/2020\/05\/screenshot_FA_2020_online-768x480.jpg 768w, https:\/\/www.burg-halle.de\/id-neuwerk\/kinetik-kettenreaktion\/wp-content\/uploads\/sites\/60\/2020\/05\/screenshot_FA_2020_online.jpg 1440w\" sizes=\"auto, (max-width: 600px) 100vw, 600px\" \/><\/p>\n<p><em>Online-Meeting mit den Studierenden<\/em><\/p>\n<p>&nbsp;<\/p>\n<p><strong>Kettenreaktion<\/strong><br \/>\nKinetische Objekte<\/p>\n<p>&nbsp;<\/p>\n<p><em>Vorbemerkung: <\/em><br \/>\n<em>Diese Fachaufgabe findet ohne jeden pers\u00f6nlichen Kontakt statt. Aufgrund der Mobilit\u00e4ts- und Kontakt-Beschr\u00e4nkungen zur Eind\u00e4mmung der Corona-Pandemie treffen wir uns zu Veranstaltungen, Konsultationen und Pr\u00e4sentationen ausschliesslich online und kommunizieren \u00fcber den Bildschirm. Den Teilnehmer_innen stehen als\u00a0Ressourcen \u2013 wie beispielsweise Materialien und Werkzeuge \u2013 nur das zur Verf\u00fcgung, was\u00a0sie an ihren derzeitigen Wohnorten greifbar haben.\u00a0<\/em><\/p>\n<p>&nbsp;<\/p>\n<p>Eine Kettenreaktion ist ein ablaufender kinetischer Prozess, der durch einen Anfangsimpuls ausgel\u00f6st wird und sich dann in weiteren Impulsen oder Stationen fortsetzt.<\/p>\n<p>Die Studierenden entwerfen mit einfachen Mitteln, die sie zuhause vorfinden oder die sie einfach besorgen k\u00f6nnen, eine Kettenreaktion mit mindestens 6 Impulsen (oder Stationen). Es sollte mindestens eine Klappbewegung, eine Drehbewegung und eine Schiebebewegung vorkommen. Die Konstruktion\u00a0der Kettenreaktion erfolgt so, dass sie wiederherstellbar und wiederholbar ist.<\/p>\n<p>Flankierend unternehmen die Studierenden\u00a0einen Ausflug in die Kunst- und Designgeschichte: von den kinetischen Licht- und Bewegungsobjekten von L\u00e1szl\u00f3 Moholy-Nagy \u00fcber die konstruktivistischen Maschinen der K\u00fcnstler Tatlin und Rodtschenko, die Mobiles von Calder, die Fantasiemaschinen von Tinguely oder die poetischen Objekte Rebecca Horns &#8230; zu Gestaltern wie Buckminster Fuller, Chuck Hoberman und anderen, bei deren Entw\u00fcrfen die Bewegung (oder Form\u00e4nderung) zum Gestaltungsmerkmal geh\u00f6rt.<\/p>\n<p>Gruppenbesprechungen\u00a0und Konsultationen finden\u00a0regelm\u00e4ssig online statt. Begleitend erfolgt ebenfalls online eine Einf\u00fchrung in das Layout-Programm \u201eInDesign\u201d sowie eine Einf\u00fchrung in das\u00a0open source Video-Schnittprogramm \u201eOlive\u201d.\u00a0Die\u00a0\u201eKettenreaktionen\u201d werden\u00a0als Filme pr\u00e4sentiert und dokumentiert und die\u00a0Recherchen werden\u00a0sowohl in einem Layout-Kompendium als auch in ReCut Filmen zusammengefasst.<\/p>\n<p>&nbsp;<\/p>\n<p>&nbsp;<\/p>\n<p><em>Teilnehmer_innen:<\/em><br \/>\nJudith Burghard,\u00a0Lucia Pia Gallo,\u00a0Malte Gebhardt,\u00a0Vincent Bruno Kaup,\u00a0Yerin Kim,\u00a0Christoph Kortung,\u00a0Seong Heum Na,\u00a0Marvin Alexander Robert,\u00a0Raymond Francis Sandy,\u00a0Lion Robert Sanguinette,\u00a0Joel Seele,\u00a0Emilia Sonntag,\u00a0Jungwoon Lee,\u00a0Ruud van den Eijnden<\/p>\n<p><em>Moderation:<\/em><br \/>\nProf. Guido Englich,\u00a0Benjamin Schief<\/p>\n<p><em>Video-Workshop:\u00a0<\/em><br \/>\nVincent Dino Zimmer<\/p>\n<p>&nbsp;<\/p>\n<p>Fachaufgabe \u00fcber 2 Kompaktwochen<br \/>\nim 1. Studienjahr BA Industriedesign<\/p>\n<p>Burg Giebichenstein Kunsthochschule Halle<br \/>\nSommersemester 2020<\/p>\n<p>&nbsp;<\/p>\n","protected":false},"excerpt":{"rendered":"<p>Online-Meeting mit den Studierenden &nbsp; Kettenreaktion Kinetische Objekte &nbsp; Vorbemerkung: Diese Fachaufgabe findet ohne jeden pers\u00f6nlichen Kontakt statt. Aufgrund der Mobilit\u00e4ts- und Kontakt-Beschr\u00e4nkungen zur Eind\u00e4mmung der Corona-Pandemie treffen wir uns zu Veranstaltungen, Konsultationen und Pr\u00e4sentationen ausschliesslich online und kommunizieren \u00fcber den Bildschirm. Den Teilnehmer_innen stehen als\u00a0Ressourcen \u2013 wie beispielsweise Materialien und Werkzeuge \u2013 nur das [&hellip;]<\/p>\n","protected":false},"author":5,"featured_media":0,"parent":0,"menu_order":0,"comment_status":"closed","ping_status":"open","template":"","meta":{"footnotes":""},"class_list":["post-2","page","type-page","status-publish","hentry"],"_links":{"self":[{"href":"https:\/\/www.burg-halle.de\/id-neuwerk\/kinetik-kettenreaktion\/wp-json\/wp\/v2\/pages\/2","targetHints":{"allow":["GET"]}}],"collection":[{"href":"https:\/\/www.burg-halle.de\/id-neuwerk\/kinetik-kettenreaktion\/wp-json\/wp\/v2\/pages"}],"about":[{"href":"https:\/\/www.burg-halle.de\/id-neuwerk\/kinetik-kettenreaktion\/wp-json\/wp\/v2\/types\/page"}],"author":[{"embeddable":true,"href":"https:\/\/www.burg-halle.de\/id-neuwerk\/kinetik-kettenreaktion\/wp-json\/wp\/v2\/users\/5"}],"replies":[{"embeddable":true,"href":"https:\/\/www.burg-halle.de\/id-neuwerk\/kinetik-kettenreaktion\/wp-json\/wp\/v2\/comments?post=2"}],"version-history":[{"count":12,"href":"https:\/\/www.burg-halle.de\/id-neuwerk\/kinetik-kettenreaktion\/wp-json\/wp\/v2\/pages\/2\/revisions"}],"predecessor-version":[{"id":149,"href":"https:\/\/www.burg-halle.de\/id-neuwerk\/kinetik-kettenreaktion\/wp-json\/wp\/v2\/pages\/2\/revisions\/149"}],"wp:attachment":[{"href":"https:\/\/www.burg-halle.de\/id-neuwerk\/kinetik-kettenreaktion\/wp-json\/wp\/v2\/media?parent=2"}],"curies":[{"name":"wp","href":"https:\/\/api.w.org\/{rel}","templated":true}]}}