{"id":10,"date":"2014-05-06T16:36:35","date_gmt":"2014-05-06T14:36:35","guid":{"rendered":"https:\/\/www.burg-halle.de\/id-neuwerk\/minimal-shelter\/?page_id=10"},"modified":"2021-11-27T01:26:08","modified_gmt":"2021-11-26T23:26:08","slug":"film","status":"publish","type":"page","link":"https:\/\/www.burg-halle.de\/id-neuwerk\/minimal-shelter\/film\/","title":{"rendered":"Film"},"content":{"rendered":"<p>&nbsp;<\/p>\n<p><iframe loading=\"lazy\" src=\"\/\/player.vimeo.com\/video\/80451661?title=0&amp;byline=0&amp;portrait=0&amp;\" height=\"337\" width=\"600\" allowfullscreen=\"\" frameborder=\"0\"><\/iframe><\/p>\n<p><em>Film-Montage: Robert J\u00e4hnen, Alexander Wiefel&nbsp;<\/em><br \/>\n<em>Kamera: David Oelschl\u00e4gel<\/em><\/p>\n<p>&nbsp;<\/p>\n<p><strong>Vom minimal shelter zum minimal village<\/strong><br \/>\nh\u00fcllen, kapseln, kleine r\u00e4ume \u2026<br \/>\nuntersuchungen und versuchsaufbauten zur \u201edritten Haut\u201d<\/p>\n<p>minimal shelter &#8211; hier verstanden als kleine (schutz-)r\u00e4ume &#8211; sind der gegenstand in diesem projekt an der nahtstelle zwischen design\/objekt und architektur\/raum.<\/p>\n<p>m\u00f6gliche nutzungs\u00adszenarien sind zu beginn des projektes v\u00f6llig offen &#8211; ob tempor\u00e4rer unterstand f\u00fcr urban gardener, ein refugium hoch in den b\u00e4umen f\u00fcr tag- und nachttr\u00e4ume aller art, eine notunterkunft f\u00fcr erdbebenopfer, der bausatz f\u00fcr die gartenlaube, eine schutzh\u00fctte f\u00fcr vom schneesturm \u00fcberraschte bergsteiger \u2026 der konzept-fantasie der projektteilnehmerinnen sind erstmal keine grenzen gesetzt.<\/p>\n<p>&nbsp;<\/p>\n<p><span>TeilnehmerInnen:<br \/>\n<\/span>Suhair Al-Kazimi,&nbsp;Max B\u00f6hme,&nbsp;Florian Cortes K\u00f6nig,&nbsp;Robert J\u00e4hnen,&nbsp;Samuel Legris,&nbsp;Benjamin Schief,&nbsp;Elisabeth Seyferth,&nbsp;Marian Sorge,&nbsp;Carolin Thieme,&nbsp;Michael Tomalik,&nbsp;Lisa Wandel,&nbsp;Alexander Wiefel,&nbsp;Anja Wippler,&nbsp;Franziska Zeller<\/p>\n<p>Moderation:<br \/>\nProf. Guido Englich, David Oelschl\u00e4gel<\/p>\n<p>&nbsp;<\/p>\n<p><iframe loading=\"lazy\" src=\"\/\/player.vimeo.com\/video\/95609664?title=0&amp;byline=0&amp;portrait=0&amp;color=c9ff23\" height=\"336\" width=\"600\" allowfullscreen=\"\" frameborder=\"0\"><\/iframe><\/p>\n<p>&nbsp;<\/p>\n<p><em><span style=\"line-height: 1.5em;\">Filmausschnitt aus der Sendung \u201eeinfach genial\u201d, MDR 2014<\/span><\/em><\/p>\n<p>Anja Wippler und Elisabeth Seyferth<\/p>\n<p>entwickelten das zerlegbare <a href=\"https:\/\/www.burg-halle.de\/id-neuwerk\/collapsible-boats\/category\/entwuerfe\/#&lt;br%20\/&gt;Octo.Puz\" target=\"_blank\" rel=\"noopener\">Kajak Octo.Puz<\/a><br \/>\n2011 im Projekt Collapsible Boats<\/p>\n<p>und das <a href=\"https:\/\/www.burg-halle.de\/id-neuwerk\/minimal-shelter\/category\/entwuerfe\/#&lt;br%20\/&gt;exTENTed\" target=\"_blank\" rel=\"noopener\">Autozelt exTENTed<\/a><br \/>\n2013 im Projekt Minimal Shelter<\/p>\n<p>&nbsp;<\/p>\n","protected":false},"excerpt":{"rendered":"<p>&nbsp; Film-Montage: Robert J\u00e4hnen, Alexander Wiefel&nbsp; Kamera: David Oelschl\u00e4gel &nbsp; Vom minimal shelter zum minimal village h\u00fcllen, kapseln, kleine r\u00e4ume \u2026 untersuchungen und versuchsaufbauten zur \u201edritten Haut\u201d minimal shelter &#8211; hier verstanden als kleine (schutz-)r\u00e4ume &#8211; sind der gegenstand in diesem projekt an der nahtstelle zwischen design\/objekt und architektur\/raum. m\u00f6gliche nutzungs\u00adszenarien sind zu beginn des [&hellip;]<\/p>\n","protected":false},"author":5,"featured_media":0,"parent":0,"menu_order":0,"comment_status":"closed","ping_status":"closed","template":"","meta":{"footnotes":""},"class_list":["post-10","page","type-page","status-publish","hentry"],"_links":{"self":[{"href":"https:\/\/www.burg-halle.de\/id-neuwerk\/minimal-shelter\/wp-json\/wp\/v2\/pages\/10","targetHints":{"allow":["GET"]}}],"collection":[{"href":"https:\/\/www.burg-halle.de\/id-neuwerk\/minimal-shelter\/wp-json\/wp\/v2\/pages"}],"about":[{"href":"https:\/\/www.burg-halle.de\/id-neuwerk\/minimal-shelter\/wp-json\/wp\/v2\/types\/page"}],"author":[{"embeddable":true,"href":"https:\/\/www.burg-halle.de\/id-neuwerk\/minimal-shelter\/wp-json\/wp\/v2\/users\/5"}],"replies":[{"embeddable":true,"href":"https:\/\/www.burg-halle.de\/id-neuwerk\/minimal-shelter\/wp-json\/wp\/v2\/comments?post=10"}],"version-history":[{"count":15,"href":"https:\/\/www.burg-halle.de\/id-neuwerk\/minimal-shelter\/wp-json\/wp\/v2\/pages\/10\/revisions"}],"predecessor-version":[{"id":873,"href":"https:\/\/www.burg-halle.de\/id-neuwerk\/minimal-shelter\/wp-json\/wp\/v2\/pages\/10\/revisions\/873"}],"wp:attachment":[{"href":"https:\/\/www.burg-halle.de\/id-neuwerk\/minimal-shelter\/wp-json\/wp\/v2\/media?parent=10"}],"curies":[{"name":"wp","href":"https:\/\/api.w.org\/{rel}","templated":true}]}}