{"id":2,"date":"2014-03-26T14:51:56","date_gmt":"2014-03-26T14:51:56","guid":{"rendered":"https:\/\/www.burg-halle.de\/id-neuwerk\/minimal-shelter\/?page_id=2"},"modified":"2021-01-09T18:43:45","modified_gmt":"2021-01-09T16:43:45","slug":"beispiel-seite","status":"publish","type":"page","link":"https:\/\/www.burg-halle.de\/id-neuwerk\/minimal-shelter\/","title":{"rendered":"Thema"},"content":{"rendered":"<p><iframe loading=\"lazy\" src=\"https:\/\/player.vimeo.com\/video\/57441670?title=0&amp;byline=0&amp;portrait=0\" width=\"600\" height=\"450\" frameborder=\"0\"><\/iframe><\/p>\n<p>&nbsp;<\/p>\n<p>Entwurfsprojekt \/ Komplexes Gestalten<br \/>\nStudiengang BA Industriedesign \/ MA Industrial Design<\/p>\n<p>&nbsp;<\/p>\n<p><strong>minimal shelter<\/strong><br \/>\nh\u00fcllen, kapseln, kleine r\u00e4ume \u2026<br \/>\nuntersuchungen und versuchsaufbauten zur \u201edritten Haut\u201d<\/p>\n<p>minimal shelter als \u201edritte haut\u201d \u00a0hier verstanden als kleine (schutz-)r\u00e4ume sind der gegenstand in diesem projekt an der nahtstelle zwischen design\/objekt und architektur\/raum.<\/p>\n<p>m\u00f6gliche nutzungs\u00adszenarien sind zu beginn des projektes v\u00f6llig offen &#8211; tempor\u00e4rer unterstand f\u00fcr urban gardener, ein refugium hoch in den b\u00e4umen f\u00fcr tag- und nachttr\u00e4ume aller art, eine notunterkunft f\u00fcr erdbebenopfer, der bausatz f\u00fcr die gartenlaube, ein unterstand f\u00fcr vom schneesturm \u00fcberraschte bergsteiger oder \u2026 die plausible entwicklung eines entwurfs-szenarios ist teil der \u00a0projektaufgabe.<\/p>\n<p>die konzepte werden fr\u00fchzeitig in versuchsaufbauten untersucht und konti\u00adnuierlich zu funktionsf\u00e4higen 1:1 aufbauten\u00a0weiterentwickelt. entwurfsbestimmende fragen sind beispielsweise \u2026 wieviel (oder besser wenig) raum ben\u00f6tige ich f\u00fcr mein szenario, wie ist dieser raum beschaffen, wie wird er konstruiert, welche materialien bieten sich f\u00fcr welchen zweck, wie verh\u00e4lt sich diese \u201eh\u00fclle\u201d extrovertiert gegen\u00fcber der umwelt, dem klima, der schwerkraft usw. \u2013 wie wirkt sie introvertiert in ihrem erlebnis-charakter auf nutzer, mit welchen eigenschaften \u2013 von atmosph\u00e4re bis support \u2013 soll der raum das gew\u00e4hlte szenario unterst\u00fctzen usw. \u2026<\/p>\n<p>dem forschungsdrang sollen in diesem projekt \u2013 ausser im format der auf\u00adbauten \u2013 keine grenzen gesetzt werden. die m\u00f6glichkeiten des maschinen\u00adparks werden bis an die limits ausgelotet, kontakte zu betrieben in der region werden hergestellt, ein basisfundus an materialien wird zur verf\u00fcgung stehen.<\/p>\n<p>angesichts der komplexit\u00e4t wird die aufgabe in teams von zwei bis drei personen bearbeitet.<\/p>\n<p>&nbsp;<\/p>\n<p><em>input<\/em><br \/>\n&#8211; recherchen \/ referate<br \/>\n&#8211; startworkshop zum flotten operieren in 1:1 hypothesen<br \/>\narbeitstitel: die strategien der drei kleinen schweinchen \/ als drei aggregatzust\u00e4nde von luftig bis massiv<\/p>\n<p><em>output<\/em><br \/>\n&#8211; konzeptentwicklung in den jeweiligen teams<br \/>\n&#8211; versuchsaufbauten<br \/>\n&#8211; benutzbare installationen zur pr\u00e4sentation \/ jahresausstellung<br \/>\n&#8211; dokumentation \/ film<\/p>\n<p>&nbsp;<\/p>\n<p>TeilnehmerInnen:<br \/>\nSuhair Al-Kazimi, Max B\u00f6hme, Florian Cortes K\u00f6nig, Robert J\u00e4hnen, Samuel Legris, Benjamin Schief, Elisabeth Seyferth, Marian Sorge, Carolin Thieme, Michael Tomalik, Lisa Wandel, Alexander Wiefel, Anja Wippler, Franziska Zeller<\/p>\n<p>Moderation:<br \/>\nProf. Guido Englich, David Oelschl\u00e4gel<\/p>\n<p>&nbsp;<\/p>\n<p>Studiengang BA Industriedesign und MA Industrial Design<br \/>\nSommersemester 2013<\/p>\n<p>Burg Giebichenstein Kunsthochschule Halle<\/p>\n","protected":false},"excerpt":{"rendered":"<p>&nbsp; Entwurfsprojekt \/ Komplexes Gestalten Studiengang BA Industriedesign \/ MA Industrial Design &nbsp; minimal shelter h\u00fcllen, kapseln, kleine r\u00e4ume \u2026 untersuchungen und versuchsaufbauten zur \u201edritten Haut\u201d minimal shelter als \u201edritte haut\u201d \u00a0hier verstanden als kleine (schutz-)r\u00e4ume sind der gegenstand in diesem projekt an der nahtstelle zwischen design\/objekt und architektur\/raum. m\u00f6gliche nutzungs\u00adszenarien sind zu beginn des [&hellip;]<\/p>\n","protected":false},"author":5,"featured_media":0,"parent":0,"menu_order":0,"comment_status":"closed","ping_status":"closed","template":"","meta":{"footnotes":""},"class_list":["post-2","page","type-page","status-publish","hentry"],"_links":{"self":[{"href":"https:\/\/www.burg-halle.de\/id-neuwerk\/minimal-shelter\/wp-json\/wp\/v2\/pages\/2","targetHints":{"allow":["GET"]}}],"collection":[{"href":"https:\/\/www.burg-halle.de\/id-neuwerk\/minimal-shelter\/wp-json\/wp\/v2\/pages"}],"about":[{"href":"https:\/\/www.burg-halle.de\/id-neuwerk\/minimal-shelter\/wp-json\/wp\/v2\/types\/page"}],"author":[{"embeddable":true,"href":"https:\/\/www.burg-halle.de\/id-neuwerk\/minimal-shelter\/wp-json\/wp\/v2\/users\/5"}],"replies":[{"embeddable":true,"href":"https:\/\/www.burg-halle.de\/id-neuwerk\/minimal-shelter\/wp-json\/wp\/v2\/comments?post=2"}],"version-history":[{"count":16,"href":"https:\/\/www.burg-halle.de\/id-neuwerk\/minimal-shelter\/wp-json\/wp\/v2\/pages\/2\/revisions"}],"predecessor-version":[{"id":871,"href":"https:\/\/www.burg-halle.de\/id-neuwerk\/minimal-shelter\/wp-json\/wp\/v2\/pages\/2\/revisions\/871"}],"wp:attachment":[{"href":"https:\/\/www.burg-halle.de\/id-neuwerk\/minimal-shelter\/wp-json\/wp\/v2\/media?parent=2"}],"curies":[{"name":"wp","href":"https:\/\/api.w.org\/{rel}","templated":true}]}}