{"id":35,"date":"2014-05-06T17:24:58","date_gmt":"2014-05-06T15:24:58","guid":{"rendered":"https:\/\/www.burg-halle.de\/id-neuwerk\/minimal-shelter\/?page_id=35"},"modified":"2019-10-06T05:45:05","modified_gmt":"2019-10-06T03:45:05","slug":"worskhop","status":"publish","type":"page","link":"https:\/\/www.burg-halle.de\/id-neuwerk\/minimal-shelter\/worskhop\/","title":{"rendered":"Workshop"},"content":{"rendered":"<p><iframe loading=\"lazy\" src=\"https:\/\/player.vimeo.com\/video\/64937247?title=0&amp;byline=0&amp;portrait=0\" width=\"600\" height=\"398\" frameborder=\"0\"><\/iframe><\/p>\n<p>&nbsp;<\/p>\n<p>Start-Workshop 2.\u201315.4.2013<br \/>\nProgramm<\/p>\n<p><strong>dienstag<\/strong>\u00a02.4.2013<\/p>\n<p>11.00 kennenlernen der teilnehmer<br \/>\nthemenvorstellung<br \/>\nanschliessend\u00a0einteilung in 4 gruppen<\/p>\n<p>&nbsp;<\/p>\n<p><strong>warmup:\u00a0(stretch + x) hoch 3\u00a0oder nestbau<\/strong><\/p>\n<p>auf dem www lokale, r\u00e4umliche, strukturelle \u2026\u00a0situationen suchen und finden,\u00a0mit stretchfolie (ggfs. plus x &#8211; also einem weiteren &#8211; material, gegenst\u00e4ndlichen hilfsmittel, stabf\u00f6rmig oder fl\u00e4chig) raumh\u00fcllen konstruieren, realisieren,<br \/>\nfotografisch \/ filmisch dokumentieren<\/p>\n<p>ab 16.00 uhr pr\u00e4sentation<\/p>\n<p>&nbsp;<\/p>\n<p><strong>mittwoch<\/strong>\u00a03.4.2013<br \/>\n9.00 &#8211; 10.30 uhr\u00a0referate zu den recherchen<br \/>\n11.00 uhr\u00a0vorstellung der drei workshopthemen<\/p>\n<p>&#8211; structure &amp; skin<br \/>\n&#8211; easymade<br \/>\n&#8211; bodenlos<\/p>\n<p>einteilung in 3 gruppen<br \/>\nkonzeptentwicklung \/ grundlagen ermitteln<\/p>\n<p>ab 16.00 uhr erste pr\u00e4sentation<br \/>\ncollagen, skizzen oder angemessene darstellungsformen<\/p>\n<p>&nbsp;<\/p>\n<p><strong>donnerstag<\/strong>\u00a04.4.2013<br \/>\n9.00 &#8211; 10.30 uhr\u00a0referate zu den recherchen<\/p>\n<p>anschliessend konsultationen in den kleingruppen<br \/>\nab 14.00 uhr zwischenpr\u00e4sentationen<\/p>\n<p>16.00 &#8211; 17.30 uhr\u00a0referate zu den recherchen<br \/>\n18.30 uhr\u00a0gemeinsames abendessen<\/p>\n<p>&nbsp;<\/p>\n<p><strong>freitag<\/strong>\u00a05.4.2013<br \/>\ndurchstarten und fertigmachen<\/p>\n<p>13.30 uhr\u00a0pr\u00e4sentation der ausf\u00fchrungskonzepte anhand von modellen<br \/>\nplus materialbedarf plus kostensch\u00e4tzung \/ kalkulation<\/p>\n<p>&nbsp;<\/p>\n<p><strong>dienstag<\/strong>, 15.4.2013<br \/>\n17.00 uhr abschluss-pr\u00e4sentation<\/p>\n","protected":false},"excerpt":{"rendered":"<p>&nbsp; Start-Workshop 2.\u201315.4.2013 Programm dienstag\u00a02.4.2013 11.00 kennenlernen der teilnehmer themenvorstellung anschliessend\u00a0einteilung in 4 gruppen &nbsp; warmup:\u00a0(stretch + x) hoch 3\u00a0oder nestbau auf dem www lokale, r\u00e4umliche, strukturelle \u2026\u00a0situationen suchen und finden,\u00a0mit stretchfolie (ggfs. plus x &#8211; also einem weiteren &#8211; material, gegenst\u00e4ndlichen hilfsmittel, stabf\u00f6rmig oder fl\u00e4chig) raumh\u00fcllen konstruieren, realisieren, fotografisch \/ filmisch dokumentieren ab 16.00 [&hellip;]<\/p>\n","protected":false},"author":5,"featured_media":0,"parent":0,"menu_order":0,"comment_status":"open","ping_status":"open","template":"","meta":{"footnotes":""},"class_list":["post-35","page","type-page","status-publish","hentry"],"_links":{"self":[{"href":"https:\/\/www.burg-halle.de\/id-neuwerk\/minimal-shelter\/wp-json\/wp\/v2\/pages\/35","targetHints":{"allow":["GET"]}}],"collection":[{"href":"https:\/\/www.burg-halle.de\/id-neuwerk\/minimal-shelter\/wp-json\/wp\/v2\/pages"}],"about":[{"href":"https:\/\/www.burg-halle.de\/id-neuwerk\/minimal-shelter\/wp-json\/wp\/v2\/types\/page"}],"author":[{"embeddable":true,"href":"https:\/\/www.burg-halle.de\/id-neuwerk\/minimal-shelter\/wp-json\/wp\/v2\/users\/5"}],"replies":[{"embeddable":true,"href":"https:\/\/www.burg-halle.de\/id-neuwerk\/minimal-shelter\/wp-json\/wp\/v2\/comments?post=35"}],"version-history":[{"count":8,"href":"https:\/\/www.burg-halle.de\/id-neuwerk\/minimal-shelter\/wp-json\/wp\/v2\/pages\/35\/revisions"}],"predecessor-version":[{"id":808,"href":"https:\/\/www.burg-halle.de\/id-neuwerk\/minimal-shelter\/wp-json\/wp\/v2\/pages\/35\/revisions\/808"}],"wp:attachment":[{"href":"https:\/\/www.burg-halle.de\/id-neuwerk\/minimal-shelter\/wp-json\/wp\/v2\/media?parent=35"}],"curies":[{"name":"wp","href":"https:\/\/api.w.org\/{rel}","templated":true}]}}