{"id":8,"date":"2014-12-23T08:16:47","date_gmt":"2014-12-23T06:16:47","guid":{"rendered":"https:\/\/www.burg-halle.de\/id-neuwerk\/personal-food-culture\/?page_id=8"},"modified":"2020-11-15T21:56:53","modified_gmt":"2020-11-15T19:56:53","slug":"praesentation","status":"publish","type":"page","link":"https:\/\/www.burg-halle.de\/id-neuwerk\/personal-food-culture\/praesentation\/","title":{"rendered":"Pr\u00e4sentation"},"content":{"rendered":"<p>&nbsp;<\/p>\n<p><iframe loading=\"lazy\" src=\"\/\/player.vimeo.com\/video\/115512847?title=0&amp;byline=0&amp;portrait=0\" width=\"600\" height=\"338\" frameborder=\"0\" allowfullscreen=\"allowfullscreen\"><\/iframe><\/p>\n<p>&nbsp;<\/p>\n<p><strong>Pr\u00e4sentation<\/strong><br \/>\n1. Februar 2011<\/p>\n<p>Teil 1: Pr\u00e4sentation der Entw\u00fcrfe, Installationen und Modelle<br \/>\nTeil 2: Film<\/p>\n<p>&nbsp;<\/p>\n<div class=\"_df_thumb \" id=\"df_305\"  wpoptions=\"true\" thumb=\"https:\/\/www.burg-halle.de\/id-neuwerk\/personal-food-culture\/wp-content\/uploads\/sites\/28\/2018\/04\/2010-11_MGU\u0308_PFC_1_Doku-Gesamt_kl.jpeg\" thumbtype=\"img\" >Doku Gesamt kl<\/div><script data-cfasync=\"false\">var option_df_305 = {\"outline\":[],\"forceFit\":\"true\",\"autoEnableOutline\":\"false\",\"autoEnableThumbnail\":\"false\",\"overwritePDFOutline\":\"false\",\"direction\":\"1\",\"pageMode\":\"0\",\"source\":\"https:\\\/\\\/www.burg-halle.de\\\/id-neuwerk\\\/personal-food-culture\\\/wp-content\\\/uploads\\\/sites\\\/28\\\/2018\\\/03\\\/2010-11_MGU\\u0308_PFC_1_Doku-Gesamt_kl.pdf\",\"wpOptions\":\"true\"}; if(window.DFLIP && DFLIP.parseBooks){DFLIP.parseBooks();}<\/script>\n<p>&nbsp;<\/p>\n<p><strong>Personal Food Culture<\/strong><br \/>\nDie Gesamt-Dokumentation<\/p>\n<p>&nbsp;<\/p>\n","protected":false},"excerpt":{"rendered":"<p>&nbsp; &nbsp; Pr\u00e4sentation 1. Februar 2011 Teil 1: Pr\u00e4sentation der Entw\u00fcrfe, Installationen und Modelle Teil 2: Film &nbsp; &nbsp; Personal Food Culture Die Gesamt-Dokumentation &nbsp;<\/p>\n","protected":false},"author":5,"featured_media":0,"parent":0,"menu_order":0,"comment_status":"open","ping_status":"open","template":"","meta":{"footnotes":""},"class_list":["post-8","page","type-page","status-publish","hentry"],"_links":{"self":[{"href":"https:\/\/www.burg-halle.de\/id-neuwerk\/personal-food-culture\/wp-json\/wp\/v2\/pages\/8","targetHints":{"allow":["GET"]}}],"collection":[{"href":"https:\/\/www.burg-halle.de\/id-neuwerk\/personal-food-culture\/wp-json\/wp\/v2\/pages"}],"about":[{"href":"https:\/\/www.burg-halle.de\/id-neuwerk\/personal-food-culture\/wp-json\/wp\/v2\/types\/page"}],"author":[{"embeddable":true,"href":"https:\/\/www.burg-halle.de\/id-neuwerk\/personal-food-culture\/wp-json\/wp\/v2\/users\/5"}],"replies":[{"embeddable":true,"href":"https:\/\/www.burg-halle.de\/id-neuwerk\/personal-food-culture\/wp-json\/wp\/v2\/comments?post=8"}],"version-history":[{"count":6,"href":"https:\/\/www.burg-halle.de\/id-neuwerk\/personal-food-culture\/wp-json\/wp\/v2\/pages\/8\/revisions"}],"predecessor-version":[{"id":376,"href":"https:\/\/www.burg-halle.de\/id-neuwerk\/personal-food-culture\/wp-json\/wp\/v2\/pages\/8\/revisions\/376"}],"wp:attachment":[{"href":"https:\/\/www.burg-halle.de\/id-neuwerk\/personal-food-culture\/wp-json\/wp\/v2\/media?parent=8"}],"curies":[{"name":"wp","href":"https:\/\/api.w.org\/{rel}","templated":true}]}}