{"id":307,"date":"2018-11-09T12:41:15","date_gmt":"2018-11-09T11:41:15","guid":{"rendered":"https:\/\/www.burg-halle.de\/id-neuwerk\/stadtraumwandel\/?page_id=307"},"modified":"2018-11-11T21:31:43","modified_gmt":"2018-11-11T20:31:43","slug":"einladung-praesentation","status":"publish","type":"page","link":"https:\/\/www.burg-halle.de\/id-neuwerk\/stadtraumwandel\/einladung-praesentation\/","title":{"rendered":"Pr\u00e4sentation"},"content":{"rendered":"<p><iframe loading=\"lazy\" src=\"https:\/\/player.vimeo.com\/video\/300088065?title=0&amp;byline=0&amp;portrait=0\" width=\"600\" height=\"338\" frameborder=\"0\" allowfullscreen=\"allowfullscreen\"><\/iframe><\/p>\n<p><em>Film der Pr\u00e4sentation<\/em><\/p>\n<p>&nbsp;<\/p>\n<p><strong>Stadt.Raum.Wandel<\/strong><br \/>\n<em>Gestaltungsstrategien f\u00fcr St\u00e4dte im Umbruch<br \/>\nam Beispiel Halle-Neustadt <\/em><\/p>\n<p>&nbsp;<\/p>\n<p>Halle-Neustadt ist seit Jahren gepr\u00e4gt von Transformation: erst Schrumpfung und R\u00fcckgang von infrastruktureller Versorgung, seit einiger Zeit wieder Zuzug und Belebung durch neue kulturelle, soziale, \u00f6konomische Impulse.<\/p>\n<p>Das Projekt \u201eStadt.Raum.Wandel\u201d stellt die Frage, wie Designer*innen solche Transformationsprozesse als Gestaltungsaufgabe begreifen k\u00f6nnen. Mit welchen Mitteln und Werkzeugen k\u00f6nnen Gestalter*innen in einem sozialen und st\u00e4dtebaulichen Umfeld\u00a0wie Halle-Neustadt Potenziale aufsp\u00fcren und Wege in m\u00f6gliche Zuk\u00fcnfte vorstellbar und gestaltbar machen?<\/p>\n<p>Dabei wurde das Ph\u00e4nomen \u201eStadt\u201d in drei Vertiefungen als soziales, kulturelles und \u00f6konomisches Gef\u00fcge betrachtet:<\/p>\n<p>Wissen teilen \u2026 <em>oder Stadt als Lernraum,<\/em><br \/>\nKulturelle Vielfalt &#8230; <em>oder Stadt als B\u00fchne,<\/em><br \/>\nWirtschaft weiter denken &#8230; <em>oder Stadt als Markt.<\/em><\/p>\n<p>Als Einstieg unternahmen die Teilnehmer*innen Reportage-Reisen. Besucht wurden Initiativen in anderen von Umbr\u00fcchen gepr\u00e4gten Ballungsr\u00e4umen: in Potsdam, Chemnitz und Liverpool sowie im Kosovo und im Ruhrgebiet. Anschlie\u00dfend wurden im Rahmen des Werkleitz-Festival \u2013 \u201enicht mehr, noch nicht\u201d zur Entwicklung von Stadt \u2013 Methoden der Stadtbeobachtung in Halle-Neustadt entwickelt und ausprobiert.<\/p>\n<p>W\u00e4hrend der Projektlaufzeit wurden prozessorientiert vielf\u00e4ltige unterschiedliche Gestaltungsstrategien erprobt. Dabei wurde der Projektraum in der Neust\u00e4dter Passage zu einem Ort der Begegnung und des Austauschs, zum Beispiel \u00fcber das Betreiben eines Caf\u00e9s und das Einladen von G\u00e4sten f\u00fcr Workshops und Gespr\u00e4che.<\/p>\n<p>Im letzten Teil wurden sechs Konzepte weiterentwickelt und teils umgesetzt. Diese besch\u00e4ftigen sich mit den M\u00f6glichkeiten, Kultur selbst zu machen &#8230; der R\u00fcckkehr von gewerblichen Strukturen in den Stadtraum\u00a0&#8230; der \u00c4sthetik\u00a0von Plattenbauten &#8230; der Nutzung des Mediums Film zum Aktivieren einer Nachbarschaft &#8230;. dem Austausch zwischen Mietern eines Wohnhauses &#8230; der gegenseitigen Beeinflussung von Stadt und Gestalter*innen in einem daf\u00fcr geschaffenen Raum.<\/p>\n<p>Die Projekte ber\u00fccksichtigen die zwischenmenschlichen Beziehungen im Gestaltungsprozess und versuchen auf die Qualit\u00e4t unseres Lebens, Arbeitens und Wohnens, unseres Umgangs miteinander im st\u00e4dtischen Kontext durch die vorgeschlagenen Entw\u00fcrfe positiv einzuwirken.<\/p>\n<p>Die Konzepte und der vorangegegangenen Prozess werden in einer Gesamtschau pr\u00e4sentiert und in einer Dokumentation zusammengefasst.<\/p>\n<p>&nbsp;<\/p>\n<p>&nbsp;<\/p>\n<p><iframe loading=\"lazy\" src=\"https:\/\/player.vimeo.com\/video\/252469129?title=0&amp;byline=0&amp;portrait=0\" width=\"600\" height=\"338\" frameborder=\"0\" allowfullscreen=\"allowfullscreen\"><\/iframe><\/p>\n<p>&nbsp;<\/p>\n<p>Einladung zur Pr\u00e4sentation<\/p>\n<p><strong>Open Studio <\/strong><br \/>\n<strong>im Studio Passage 13<\/strong><\/p>\n<p>am<br \/>\nMontag, 29. Januar 2018, 18.00 Uhr<\/p>\n<p>in der<br \/>\nNeust\u00e4dter Passage 13, Halle-Neustadt<\/p>\n<p>mit<br \/>\nPr\u00e4sentation der Studioproduktionen<\/p>\n<p>und<br \/>\nMusik und Getr\u00e4nken<\/p>\n<p>&nbsp;<\/p>\n<p>&nbsp;<\/p>\n","protected":false},"excerpt":{"rendered":"<p>Film der Pr\u00e4sentation &nbsp; Stadt.Raum.Wandel Gestaltungsstrategien f\u00fcr St\u00e4dte im Umbruch am Beispiel Halle-Neustadt &nbsp; Halle-Neustadt ist seit Jahren gepr\u00e4gt von Transformation: erst Schrumpfung und R\u00fcckgang von infrastruktureller Versorgung, seit einiger Zeit wieder Zuzug und Belebung durch neue kulturelle, soziale, \u00f6konomische Impulse. Das Projekt \u201eStadt.Raum.Wandel\u201d stellt die Frage, wie Designer*innen solche Transformationsprozesse als Gestaltungsaufgabe begreifen k\u00f6nnen. [&hellip;]<\/p>\n","protected":false},"author":5,"featured_media":0,"parent":0,"menu_order":0,"comment_status":"closed","ping_status":"closed","template":"","meta":{"footnotes":""},"class_list":["post-307","page","type-page","status-publish","hentry"],"_links":{"self":[{"href":"https:\/\/www.burg-halle.de\/id-neuwerk\/stadtraumwandel\/wp-json\/wp\/v2\/pages\/307","targetHints":{"allow":["GET"]}}],"collection":[{"href":"https:\/\/www.burg-halle.de\/id-neuwerk\/stadtraumwandel\/wp-json\/wp\/v2\/pages"}],"about":[{"href":"https:\/\/www.burg-halle.de\/id-neuwerk\/stadtraumwandel\/wp-json\/wp\/v2\/types\/page"}],"author":[{"embeddable":true,"href":"https:\/\/www.burg-halle.de\/id-neuwerk\/stadtraumwandel\/wp-json\/wp\/v2\/users\/5"}],"replies":[{"embeddable":true,"href":"https:\/\/www.burg-halle.de\/id-neuwerk\/stadtraumwandel\/wp-json\/wp\/v2\/comments?post=307"}],"version-history":[{"count":10,"href":"https:\/\/www.burg-halle.de\/id-neuwerk\/stadtraumwandel\/wp-json\/wp\/v2\/pages\/307\/revisions"}],"predecessor-version":[{"id":357,"href":"https:\/\/www.burg-halle.de\/id-neuwerk\/stadtraumwandel\/wp-json\/wp\/v2\/pages\/307\/revisions\/357"}],"wp:attachment":[{"href":"https:\/\/www.burg-halle.de\/id-neuwerk\/stadtraumwandel\/wp-json\/wp\/v2\/media?parent=307"}],"curies":[{"name":"wp","href":"https:\/\/api.w.org\/{rel}","templated":true}]}}