{"id":159,"date":"2019-06-07T20:50:11","date_gmt":"2019-06-07T18:50:11","guid":{"rendered":"https:\/\/www.burg-halle.de\/id-neuwerk\/stadtraumwandel2\/?page_id=159"},"modified":"2025-04-24T22:52:04","modified_gmt":"2025-04-24T20:52:04","slug":"recherchen","status":"publish","type":"page","link":"https:\/\/www.burg-halle.de\/id-neuwerk\/stadtraumwandel2\/recherchen\/","title":{"rendered":"Recherchen"},"content":{"rendered":"<div class=\"_df_thumb \" id=\"df_71\"  wpoptions=\"true\" thumb=\"https:\/\/www.burg-halle.de\/id-neuwerk\/stadtraumwandel2\/wp-content\/uploads\/sites\/56\/2019\/06\/wz-\u00f6konomien-titel.png\" thumbtype=\"img\" >WZ \u00d6konomien<\/div><script data-cfasync=\"false\">var option_df_71 = {\"outline\":[],\"forceFit\":\"true\",\"autoEnableOutline\":\"false\",\"autoEnableThumbnail\":\"false\",\"overwritePDFOutline\":\"false\",\"direction\":\"1\",\"pageMode\":\"2\",\"singlePageMode\":\"2\",\"source\":\"https:\\\/\\\/www.burg-halle.de\\\/id-neuwerk\\\/stadtraumwandel2\\\/wp-content\\\/uploads\\\/sites\\\/56\\\/2019\\\/06\\\/Wandzeitung_\\u00d6konomien_web.pdf\",\"wpOptions\":\"true\"}; if(window.DFLIP && DFLIP.parseBooks){DFLIP.parseBooks();}<\/script>\n<p>&nbsp;<\/p>\n<pre>Wandzeitung Lokale \u00d6konomien<\/pre>\n<p>&nbsp;<\/p>\n<p><strong>Recherche \u2013 Lokale \u00d6konomien und Stadt<\/strong><br \/>\nDie Recherche ist als aktive Stadtbeobachtung angelegt, die mit einer Suche in B\u00fcchern und im Internet unterst\u00fctzt wird. Der Schwerpunkt liegt dabei ausdr\u00fccklich auf der Recherche vor Ort, da wir nur so einen ersten \u00dcberblick \u00fcber die tats\u00e4chlichen Gegebenheiten in Halle-Neustadt bekommen k\u00f6nnen.<\/p>\n<p>Versteht dabei unsere Fragen als Vorschl\u00e4ge \u2013 findet gerne eigene Fragestellungen oder andere Inhalte.<\/p>\n<p>&nbsp;<\/p>\n<p><strong>Aktive Stadtbeobachtung<\/strong><br \/>\nGeht durch Halle-Neustadt, schaut Euch dort eurem Thema folgend aktiv um. Beobachtet und sprecht mit Menschen, mit neuen und mit altern Bewohner*innen der Neustadt, sucht Orte und Geschichten, z\u00e4hlt und findet Zusammenh\u00e4nge,&#8230;<\/p>\n<p>Dabei k\u00f6nnt ihr Eure Recherchethemen weitgefasst lassen oder sie im Prozess verfeinern.<\/p>\n<p>Dokumentiert Eure Recherche mit passenden Mitteln.<\/p>\n<p>&nbsp;<\/p>\n<p><strong>Recherche in Bibliothek und Internet<\/strong><br \/>\nSucht in den zu Eurem Thema passenden B\u00fccher aus unserem Semesterapparat Aspekte die sich mit euren Beobachtungen in Zusammenhang bringen lassen. Vertieft Euch f\u00fcr den Moment nicht zu sehr in die Lekt\u00fcre. Daf\u00fcr haben wir im weiteren Semester noch Zeit.<\/p>\n<p>&nbsp;<\/p>\n<p><strong>Recherchethemen:<\/strong><\/p>\n<p>1. M\u00e4rkte und Stadtteilzentren \u2013 Nahversorgung f\u00fcr den t\u00e4glichen Bedarf<br \/>\n2. Kioske und Gastronomie \u2013 Treffpunkte in Neustadt<br \/>\n3. Ebay und Abrei\u00dfzettel \u2013 analoge und digitale Netzwerke und Plattformen<br \/>\n4. Arbeit und Produktion \u2013 gestern und heute<br \/>\n5. Schaufenster und Erdgeschosse \u2013 Angebote auf Augenh\u00f6he<br \/>\n6. Migrantische \u00d6konomien \u2013 Einfl\u00fcsse auf Halle-Neustadt<\/p>\n<p>&nbsp;<\/p>\n<p>&nbsp;<\/p>\n<div class=\"_df_thumb \" id=\"df_73\"  wpoptions=\"true\" thumb=\"https:\/\/www.burg-halle.de\/id-neuwerk\/stadtraumwandel2\/wp-content\/uploads\/sites\/56\/2019\/06\/wz-s\u00fcdpark-titel.png\" thumbtype=\"img\" >WZ zwischen*h\u00e4usern<\/div><script data-cfasync=\"false\">var option_df_73 = {\"outline\":[],\"forceFit\":\"true\",\"autoEnableOutline\":\"false\",\"autoEnableThumbnail\":\"false\",\"overwritePDFOutline\":\"false\",\"direction\":\"1\",\"pageMode\":\"0\",\"source\":\"https:\\\/\\\/www.burg-halle.de\\\/id-neuwerk\\\/stadtraumwandel2\\\/wp-content\\\/uploads\\\/sites\\\/56\\\/2019\\\/06\\\/Wandzeitung_S\\u00fcdpark_web.pdf\",\"wpOptions\":\"true\"}; if(window.DFLIP && DFLIP.parseBooks){DFLIP.parseBooks();}<\/script>\n<p>&nbsp;<\/p>\n<pre>Wandzeitung S\u00fcdpark<\/pre>\n<p>&nbsp;<\/p>\n<p><strong>Mapping S\u00fcdpark<\/strong><\/p>\n<p>\u201eLiebe Zwischen*H\u00e4usern-Gruppe,<\/p>\n<p>die n\u00e4chsten Wochen bewegen wir uns wirklich zwischen den H\u00e4usern.<\/p>\n<p>In einer ersten Phase wollen wir den S\u00fcdpark als unser zuk\u00fcnftiges Handlungsfeld n\u00e4her kennenlernen. Dabei wollen wir mit euch die M\u00f6glichkeiten des Mappings ausloten und \u00f6ffentliche und halb\u00f6ffentliche R\u00e4ume beobachten und unsere Beobachtungen sichtbar machen und zusammenbringen.<\/p>\n<p>Mapping verstehen wir dabei nicht als ein reines Aufzeichnen der Wirklichkeit, sondern als ein Mittel um Potentiale aufzudecken, Verbindungen herzustellen und erste Arbeitsthesen zu formulieren &#8211; sprich als eine Methode um auf den ersten Blick nicht sichtbares, noch nicht erz\u00e4hltes oder noch-nicht-gedachtes aufzuzeigen. Kurz &#8211; es geht darum Wirklichkeit zu erfassen und spekulativ mit ihr umzugehen. [\u2026]\u201c<\/p>\n<p>&nbsp;<\/p>\n","protected":false},"excerpt":{"rendered":"<p>&nbsp; Wandzeitung Lokale \u00d6konomien &nbsp; Recherche \u2013 Lokale \u00d6konomien und Stadt Die Recherche ist als aktive Stadtbeobachtung angelegt, die mit einer Suche in B\u00fcchern und im Internet unterst\u00fctzt wird. Der Schwerpunkt liegt dabei ausdr\u00fccklich auf der Recherche vor Ort, da wir nur so einen ersten \u00dcberblick \u00fcber die tats\u00e4chlichen Gegebenheiten in Halle-Neustadt bekommen k\u00f6nnen. Versteht [&hellip;]<\/p>\n","protected":false},"author":5,"featured_media":0,"parent":0,"menu_order":0,"comment_status":"closed","ping_status":"closed","template":"","meta":{"footnotes":""},"class_list":["post-159","page","type-page","status-publish","hentry"],"_links":{"self":[{"href":"https:\/\/www.burg-halle.de\/id-neuwerk\/stadtraumwandel2\/wp-json\/wp\/v2\/pages\/159","targetHints":{"allow":["GET"]}}],"collection":[{"href":"https:\/\/www.burg-halle.de\/id-neuwerk\/stadtraumwandel2\/wp-json\/wp\/v2\/pages"}],"about":[{"href":"https:\/\/www.burg-halle.de\/id-neuwerk\/stadtraumwandel2\/wp-json\/wp\/v2\/types\/page"}],"author":[{"embeddable":true,"href":"https:\/\/www.burg-halle.de\/id-neuwerk\/stadtraumwandel2\/wp-json\/wp\/v2\/users\/5"}],"replies":[{"embeddable":true,"href":"https:\/\/www.burg-halle.de\/id-neuwerk\/stadtraumwandel2\/wp-json\/wp\/v2\/comments?post=159"}],"version-history":[{"count":5,"href":"https:\/\/www.burg-halle.de\/id-neuwerk\/stadtraumwandel2\/wp-json\/wp\/v2\/pages\/159\/revisions"}],"predecessor-version":[{"id":202,"href":"https:\/\/www.burg-halle.de\/id-neuwerk\/stadtraumwandel2\/wp-json\/wp\/v2\/pages\/159\/revisions\/202"}],"wp:attachment":[{"href":"https:\/\/www.burg-halle.de\/id-neuwerk\/stadtraumwandel2\/wp-json\/wp\/v2\/media?parent=159"}],"curies":[{"name":"wp","href":"https:\/\/api.w.org\/{rel}","templated":true}]}}

<div class="_df_thumb " id="df_71"  wpoptions="true" thumb="https://www.burg-halle.de/id-neuwerk/stadtraumwandel2/wp-content/uploads/sites/56/2019/06/wz-ökonomien-titel.png" thumbtype="img" >WZ Ökonomien</div><script data-cfasync="false">var option_df_71 = {"outline":[],"forceFit":"true","autoEnableOutline":"false","autoEnableThumbnail":"false","overwritePDFOutline":"false","direction":"1","pageMode":"2","singlePageMode":"2","source":"https:\/\/www.burg-halle.de\/id-neuwerk\/stadtraumwandel2\/wp-content\/uploads\/sites\/56\/2019\/06\/Wandzeitung_\u00d6konomien_web.pdf","wpOptions":"true"}; if(window.DFLIP && DFLIP.parseBooks){DFLIP.parseBooks();}</script>
<p>&nbsp;</p>
<pre>Wandzeitung Lokale Ökonomien</pre>
<p>&nbsp;</p>
<p><strong>Recherche – Lokale Ökonomien und Stadt</strong><br />
Die Recherche ist als aktive Stadtbeobachtung angelegt, die mit einer Suche in Büchern und im Internet unterstützt wird. Der Schwerpunkt liegt dabei ausdrücklich auf der Recherche vor Ort, da wir nur so einen ersten Überblick über die tatsächlichen Gegebenheiten in Halle-Neustadt bekommen können.</p>
<p>Versteht dabei unsere Fragen als Vorschläge – findet gerne eigene Fragestellungen oder andere Inhalte.</p>
<p>&nbsp;</p>
<p><strong>Aktive Stadtbeobachtung</strong><br />
Geht durch Halle-Neustadt, schaut Euch dort eurem Thema folgend aktiv um. Beobachtet und sprecht mit Menschen, mit neuen und mit altern Bewohner*innen der Neustadt, sucht Orte und Geschichten, zählt und findet Zusammenhänge,&#8230;</p>
<p>Dabei könnt ihr Eure Recherchethemen weitgefasst lassen oder sie im Prozess verfeinern.</p>
<p>Dokumentiert Eure Recherche mit passenden Mitteln.</p>
<p>&nbsp;</p>
<p><strong>Recherche in Bibliothek und Internet</strong><br />
Sucht in den zu Eurem Thema passenden Bücher aus unserem Semesterapparat Aspekte die sich mit euren Beobachtungen in Zusammenhang bringen lassen. Vertieft Euch für den Moment nicht zu sehr in die Lektüre. Dafür haben wir im weiteren Semester noch Zeit.</p>
<p>&nbsp;</p>
<p><strong>Recherchethemen:</strong></p>
<p>1. Märkte und Stadtteilzentren – Nahversorgung für den täglichen Bedarf<br />
2. Kioske und Gastronomie – Treffpunkte in Neustadt<br />
3. Ebay und Abreißzettel – analoge und digitale Netzwerke und Plattformen<br />
4. Arbeit und Produktion – gestern und heute<br />
5. Schaufenster und Erdgeschosse – Angebote auf Augenhöhe<br />
6. Migrantische Ökonomien – Einflüsse auf Halle-Neustadt</p>
<p>&nbsp;</p>
<p>&nbsp;</p>
<div class="_df_thumb " id="df_73"  wpoptions="true" thumb="https://www.burg-halle.de/id-neuwerk/stadtraumwandel2/wp-content/uploads/sites/56/2019/06/wz-südpark-titel.png" thumbtype="img" >WZ zwischen*häusern</div><script data-cfasync="false">var option_df_73 = {"outline":[],"forceFit":"true","autoEnableOutline":"false","autoEnableThumbnail":"false","overwritePDFOutline":"false","direction":"1","pageMode":"0","source":"https:\/\/www.burg-halle.de\/id-neuwerk\/stadtraumwandel2\/wp-content\/uploads\/sites\/56\/2019\/06\/Wandzeitung_S\u00fcdpark_web.pdf","wpOptions":"true"}; if(window.DFLIP && DFLIP.parseBooks){DFLIP.parseBooks();}</script>
<p>&nbsp;</p>
<pre>Wandzeitung Südpark</pre>
<p>&nbsp;</p>
<p><strong>Mapping Südpark</strong></p>
<p>„Liebe Zwischen*Häusern-Gruppe,</p>
<p>die nächsten Wochen bewegen wir uns wirklich zwischen den Häusern.</p>
<p>In einer ersten Phase wollen wir den Südpark als unser zukünftiges Handlungsfeld näher kennenlernen. Dabei wollen wir mit euch die Möglichkeiten des Mappings ausloten und öffentliche und halböffentliche Räume beobachten und unsere Beobachtungen sichtbar machen und zusammenbringen.</p>
<p>Mapping verstehen wir dabei nicht als ein reines Aufzeichnen der Wirklichkeit, sondern als ein Mittel um Potentiale aufzudecken, Verbindungen herzustellen und erste Arbeitsthesen zu formulieren &#8211; sprich als eine Methode um auf den ersten Blick nicht sichtbares, noch nicht erzähltes oder noch-nicht-gedachtes aufzuzeigen. Kurz &#8211; es geht darum Wirklichkeit zu erfassen und spekulativ mit ihr umzugehen. […]“</p>
<p>&nbsp;</p>

<p>&nbsp; Wandzeitung Lokale Ökonomien &nbsp; Recherche – Lokale Ökonomien und Stadt Die Recherche ist als aktive Stadtbeobachtung angelegt, die mit einer Suche in Büchern und im Internet unterstützt wird. Der Schwerpunkt liegt dabei ausdrücklich auf der Recherche vor Ort, da wir nur so einen ersten Überblick über die tatsächlichen Gegebenheiten in Halle-Neustadt bekommen können. Versteht [&hellip;]</p>
