{"id":201,"date":"2023-10-26T14:34:35","date_gmt":"2023-10-26T12:34:35","guid":{"rendered":"https:\/\/www.burg-halle.de\/id-neuwerk\/transformable\/?page_id=201"},"modified":"2023-12-04T13:41:29","modified_gmt":"2023-12-04T12:41:29","slug":"recherchen-2","status":"publish","type":"page","link":"https:\/\/www.burg-halle.de\/id-neuwerk\/transformable\/recherchen-2\/","title":{"rendered":"Recherchen"},"content":{"rendered":"<div class=\"_df_thumb \" id=\"df_197\"  wpoptions=\"true\" thumb=\"https:\/\/www.burg-halle.de\/id-neuwerk\/transformable\/wp-content\/uploads\/sites\/70\/2023\/10\/Transformable_Recherche_Titel.jpg\" thumbtype=\"img\" >Recherche Kompendium<\/div><script data-cfasync=\"false\">var option_df_197 = {\"outline\":[],\"forceFit\":\"true\",\"autoEnableOutline\":\"false\",\"autoEnableThumbnail\":\"false\",\"overwritePDFOutline\":\"false\",\"direction\":\"1\",\"pageMode\":\"0\",\"source\":\"https:\\\/\\\/www.burg-halle.de\\\/id-neuwerk\\\/transformable\\\/wp-content\\\/uploads\\\/sites\\\/70\\\/2023\\\/11\\\/Transformable_Recherche_web.pdf\",\"wpOptions\":\"true\"}; if(window.DFLIP && DFLIP.parseBooks){DFLIP.parseBooks();}<\/script>\n<p>&nbsp;<\/p>\n<p><em>Recherche-Kompendium zum Bl\u00e4ttern anklicken \u2026<br \/>\noder <\/em><a href=\"https:\/\/www.burg-halle.de\/id-neuwerk\/transformable\/wp-content\/uploads\/sites\/70\/2023\/11\/Transformable_Recherche_web.pdf\" target=\"_blank\" rel=\"noopener\"><strong>download als pdf<\/strong><\/a><\/p>\n<p>&nbsp;<\/p>\n<p><strong>\u00dcbersicht der Recherche-Themen<\/strong><\/p>\n<p>1 \u2013 <strong>Self-Assembly Lab Part 1<\/strong> \/ Yerin Kim<br \/>\n2 \u2013 <strong>Self-Assembly Lab Part 2<\/strong> \/ Janina Gastauer<br \/>\n3 \u2013 <strong>Tangible Media Group<\/strong> \/ Julia M\u00fcll<br \/>\n4 \u2013 <strong>Matters of Activity<\/strong> \/ Jolanda Schultrich<\/p>\n<p>5 \u2013 <strong>Magic of Geometrie \/ Platonische K\u00f6rper<\/strong> \/ Jaehwan Lee<br \/>\n6 \u2013 <strong>Origami (und Kirigami)<\/strong> \/ Hanni Nguyen<\/p>\n<p>7 \u2013 <strong>origamisimulator.org + schneidplotter<\/strong> \/ Franz Kauffmann<br \/>\n8 \u2013 <strong>Digitale Simulation<\/strong> \/ Hongki Keam<\/p>\n<p>9 \u2013 <strong>Soft-Robotic<\/strong> \/ Felix Stockhausen<br \/>\n10 \u2013 <strong>Compliant mechanism<\/strong> \/ Leon Bucher<br \/>\n11 \u2013 <strong>Origami-inspired robotic<\/strong> \/ Malte Gebhardt<br \/>\n12 \u2013 <strong>Chuck Hoberman + Transformable Architecture<\/strong> \/ Enzo Agger<br \/>\n13 \u2013 <strong>M\u00f6bel mit Formver\u00e4nderung<\/strong> \/ Ema Correia<br \/>\n14 \u2013 <strong>Collapsibles, Transformables + Co.<\/strong> \/ Eden Szir<br \/>\n15 \u2013 <strong>Form\u00e4nderung und Bewegung<\/strong> \/ Catherina Stuckmann<br \/>\n16 \u2013 <strong>From Fantasy to Reality<\/strong> \/ Marco Mehringer<\/p>\n<p>&nbsp;<\/p>\n<p><strong>Vertiefung der Recherche-Themen<\/strong><\/p>\n<p>Stand der Forschung im Bereich \u201etransformable objects\u201d<\/p>\n<p>1 Yerin Kim<br \/>\n<strong>Self-Assembly Lab (MIT) \u2026 Part 1<\/strong><br \/>\nDas Self-Assembly Lab am MIT erforscht und entwickelt in verschiedenen Bereichen Technologien zur Selbstmontage und programmierbaren Ver\u00e4nderbarkeit von Materialien. Recherchieren und zeigen Sie bitte 3-4 relevante Beispiele aus den folgenden Forschungsschwerpunkten:<\/p>\n<p>Self-Assembly &amp; Self-Organization (Selbstmontage und Selbstorganisation)<br \/>\nSelbstorganisation ist ein Prozess, bei dem ungeordnete Teile eine geordnete Struktur durch lokale Interaktion aufbauen.<\/p>\n<p>Phase Change Materials (Materialien mit Zustandswechsel)<br \/>\nGranulare Materialien aus strukturell ungeordnete Feststoffen, die aus Partikeln bestehen und spontan und reversibel von einem nicht festen, fluiden Zustand in einen festen Zustand \u00fcbergehen k\u00f6nnen.<\/p>\n<p>Einstieg:<br \/>\n<a href=\"https:\/\/selfassemblylab.mit.edu\/research\" target=\"_blank\" rel=\"noopener\"><strong>Self-Assembly Lab<\/strong><\/a><\/p>\n<p>&nbsp;<\/p>\n<p>2 Janina Gastauer<br \/>\n<strong>Self-Assembly Lab (MIT) \u2026 Part 2<\/strong><br \/>\nDas Self-Assembly Lab am MIT erforscht und entwickelt in verschiedenen Bereichen Technologien zur Selbstmontage und programmierbaren Ver\u00e4nderbarkeit von Materialien. Recherchieren und zeigen Sie bitte 3-4 relevante Beispiele aus den folgenden Forschungsschwerpunkten:<\/p>\n<p>Programmable Materials &amp; 4D Printing (Programmierbare Materialien &amp; 4D-Druck)<br \/>\nDieser Bereich untersucht Techniken, bei denen Materie ihre Form und\/oder Funktion auf programmierbare Weise ver\u00e4ndern kann. Der 4D-Druck, bei dem die vierte Dimension die Zeit ist, ist ein aktuelles Beispiel f\u00fcr programmierbare Materie, bei dem Objekte erstellt werden k\u00f6nnen, die sich unter Einwirkung von Energie in Form und Materialeigenschaften ver\u00e4ndern k\u00f6nnen.<\/p>\n<p>Transformable Structures (Wandelbare Strukturen)<br \/>\nWandelbare Strukturen sind so konzipiert, dass sich ihr Design, ihre Form und ihre Funktion physisch ver\u00e4ndern k\u00f6nnen, um sich dynamisch an wechselnden Bed\u00fcrfnisse oder Umweltanforderungen zu anzupassen.<\/p>\n<p>Einstieg:<br \/>\n<a href=\"https:\/\/selfassemblylab.mit.edu\/research\" target=\"_blank\" rel=\"noopener\"><strong>Self-Assembly Lab<\/strong><\/a><\/p>\n<p>&nbsp;<\/p>\n<p>3 Julia M\u00fcll<br \/>\n<strong>Tangible Media Group (MIT)<\/strong><br \/>\nDie Tangible Media Group verfolgt die Vision von Tangible Bits &amp; Radical Atoms, um die beiden Welten von Bits und Atomen nahtlos miteinander zu verbinden, indem sie digitalen Informationen und Berechnungen eine dynamische physische Form gibt.<\/p>\n<p>Geben Sie mit Ihrer Recherche einen guten \u00dcberblick \u00fcber verschiedene Ans\u00e4tze, Entwicklungen und Experimente.<\/p>\n<p>Einstieg:<br \/>\n<a href=\"https:\/\/www.media.mit.edu\/groups\/tangible-media\/projects\/\" target=\"_blank\" rel=\"noopener\"><strong>Tangible Media Group<\/strong><\/a><br \/>\n<a href=\"https:\/\/tangible.media.mit.edu\/projects\/\" target=\"_blank\" rel=\"noopener\"><strong>Projekte<\/strong><\/a><\/p>\n<p>&nbsp;<\/p>\n<p>4 Jolanda Schultrich<br \/>\n<strong>Matters of Activity. Image Space Material<\/strong><br \/>\nDer Cluster \u00bbMatters of Activity. Image Space Material\u00ab hat das Ziel, Grundlagen f\u00fcr eine neue Kultur des Materialen zu schaffen. Die zentrale Vision des Clusters ist es, im Zeitalter des Digitalen, das Analoge in der Aktivit\u00e4t von Bildern, R\u00e4umen und Materialien neu zu entdecken. Dabei verschr\u00e4nken sich Biologie und Technik, symbolische Formen und Material, Natur und Kultur in neuartiger Weise.<\/p>\n<p>Recherchieren Sie und zeigen Sie uns anhand von Beispielen und Projekten, woran im Cluster Matters of Activity geforscht wird. Fokussieren Sie hier auf Beispiele, die sowohl unserer Thematik verwandt sind, als auch in besonderer Weise mit Design-Methoden und -Strategien agieren.<\/p>\n<p>Einstieg:<br \/>\n<a href=\"https:\/\/www.matters-of-activity.de\/de\/research\/projects\/125\/material-form-function\" target=\"_blank\" rel=\"noopener\"><strong>material-form-function<\/strong><\/a><br \/>\n<a href=\"https:\/\/www.matters-of-activity.de\/de\/research\/projects\/125\/material-form-function\" target=\"_blank\" rel=\"noopener\"><strong>matters-of-activity<\/strong><\/a><\/p>\n<p>&nbsp;<\/p>\n<p><strong>Grundlagen \/ Magic of Geometrie<\/strong><\/p>\n<p>&nbsp;<\/p>\n<p>5 Jaehwan Lee<br \/>\n<strong>Von den 5 platonischen K\u00f6rpern bis zum \u201eumst\u00fclbaren W\u00fcrfel\u201d von Paul Schatz<\/strong><br \/>\nBeginnen Sie Ihre Recherche bei der Erkl\u00e4rung und geometrischen Darstellung der 5 platonischen K\u00f6rper und ihrer inh\u00e4renten Zusammenh\u00e4nge und enden Sie bei der Inversionskinematik von Paul Schatz.<\/p>\n<p>Arbeiten Sie gegebenenfalls mit Modellen und zeigen Sie technische Anwendungen bzw. Beispiele mit besonderer Gestaltungs-Relevanz. (Aufgrund der faszinierenden Ph\u00e4nomene in dieser Thematik gibt es auch Ankn\u00fcpfungen zu esoterischen Fragestellungen, die sollen jedoch NICHT vertieft werden)<\/p>\n<p>&nbsp;<\/p>\n<p>6 Hanni Nguyen<br \/>\n<strong>Origami (und Kirigami)<\/strong><br \/>\n<strong>als Gestaltungs- und Konstruktionsprinzipien<\/strong><br \/>\nOrigami ist die japanische Kunst des Papierfaltens, Kirigami ist eine Variante, bei der das Papier auch geschnitten wird. Beide Techniken finden sich auch in Gestaltung und Konstruktion, insbesondere wenn es um kinetische oder form\u00e4ndernde Eigenschaften geht. Recherchieren und vermitteln Sie die relevanten Prinzipien und Grundlagen und zeigen Sie einige Beispiele der Anwendung im Gestaltungs- und Konstruktions-Kontext.<\/p>\n<p>Einstieg:<br \/>\n<a href=\"https:\/\/www.youtube.com\/watch?v=fkakM5kU_W4\" target=\"_blank\" rel=\"noopener\"><strong>Origami Examples<\/strong><\/a><br \/>\n<a href=\"https:\/\/www.youtube.com\/watch?v=QGNL5LLeTyg\" target=\"_blank\" rel=\"noopener\"><strong>National Science Foundation<\/strong><\/a><\/p>\n<p>&nbsp;<\/p>\n<p><strong>Simulation<\/strong><\/p>\n<p>&nbsp;<\/p>\n<p>7 Franz Kauffmann<br \/>\n<strong>origamisimulator.org + Silhouette Schneidplotter<\/strong><br \/>\nStellen Sie uns den Origami-Simulator vor. Untersuchen Sie die M\u00f6glichkeiten und Grenzen des Origami-Simulators auch durch eigene Faltmuster, die Sie beispielsweise in Illustrator erstellen, als SVG-Datei abspeichern un dann in den Simulator uploaden k\u00f6nnen. Versuchen Sie auch Faltmuster mit \u00d6ffnungen in der Fl\u00e4che.<\/p>\n<p>Im B\u00fcro haben wir einen Desktop-Schneidplotter Silhouette Cameo 2 \u2013 bitte erstellen Sie f\u00fcr einige der Faltmuster, die zuvor simuliert wurden, Dateien, die \u00fcber den Schneidplotter ausgegeben werden k\u00f6nnen. Auch hierf\u00fcr l\u00e4sst sich Illustrator als Erstellungsprogramm verwenden. Den Schneidplotter k\u00f6nnen Sie sich f\u00fcr Versuche ausleihen.<\/p>\n<p>Einstieg:<br \/>\n<a href=\"https:\/\/origamisimulator.org\" target=\"_blank\" rel=\"noopener\"><strong>origamisimulator.org<\/strong><\/a><\/p>\n<p>Silhouette Cameo Manual + Software:<br \/>\n<a href=\"https:\/\/www.burg-halle.de\/id-neuwerk\/transformable\/manuals\/\" target=\"_blank\" rel=\"noopener\"><strong>Silhouette Manuals<\/strong><\/a><br \/>\n<a href=\"https:\/\/www.hobbyplotter.de\/download\/content\/index.php?id=39\" target=\"_blank\" rel=\"noopener\"><strong>Silhouette Software<\/strong><\/a><\/p>\n<p>&nbsp;<\/p>\n<p>8 Hongki Keam<br \/>\n<strong>Digitale Simulation von Kinetik und Form\u00e4nderung<\/strong><br \/>\nSuchen Sie nach Software, die es erm\u00f6glicht kinetische Konstruktionen zu simulieren (z.B. die Funkionsweise eines Viergelenk-Bolzenschneiders oder eines Falttisches wie z.B. dem Last-Minute von Hauke Murken oder \u00e4hnllichem) aber auch komplexere geometrische Formen wie z.b. die Origamiflasche von Difold.<\/p>\n<p>Achtung: Sie m\u00fcssen die Software nicht selbst beherrschen \u2013 Sie sollen uns aber einen \u00dcberblick geben, mit welchen Programmen diese Art von Simulation von Form\u00e4nderungen m\u00f6glich w\u00e4re \u2026 und ggfs. auch gute Tutorials finden.<\/p>\n<p>Einstieg:<br \/>\n<a href=\"https:\/\/www.youtube.com\/watch?v=2tKj7wQtXxY&amp;t=189s\" target=\"_blank\" rel=\"noopener\"><strong>Tutorials<\/strong><\/a><\/p>\n<p>&nbsp;<\/p>\n<p><strong>Anwendungen von geometrie-basierten und\/oder material-basierten Form\u00e4nderungen<\/strong><\/p>\n<p>&nbsp;<\/p>\n<p>9 Felix Stockhausen<br \/>\n<strong>Soft-Robotic<\/strong><br \/>\nDer Fokus der Recherche liegt hier in jenem Bereich der Robotik, in dem mit Materialeigenschaften wie Flexibilit\u00e4t und Elastik robotische Anwendungen f\u00fcr Gestaltstrukturen, Aktuatoren, Greifer und weiteres realisiert werden. Kategorisieren Sie Materialien und Funktionsprinzipien und versuchen Sie eine anschauliche Darstellung der Mechanismen.<\/p>\n<p>Einstieg:<br \/>\n<a href=\"https:\/\/softroboticstoolkit.com\/\" target=\"_blank\" rel=\"noopener\"><strong>softroboticstoolkit<\/strong><\/a><br \/>\n<a href=\"https:\/\/biodesign.seas.harvard.edu\/soft-robotics\" target=\"_blank\" rel=\"noopener\"><strong>Harvard<\/strong><\/a><br \/>\n<a href=\"https:\/\/news.stanford.edu\/2020\/03\/18\/squishy-shape-changing-bot-roams-untethered\/\" target=\"_blank\" rel=\"noopener\"><strong>Stanford<\/strong><\/a><\/p>\n<p>&nbsp;<\/p>\n<p>10 Leon Bucher<br \/>\n<strong>Compliant mechanism und 3D Druck<\/strong><br \/>\nRecherchieren Sie zum Begriff \u201enachgiebiger Mechanismen\u201d, zeigen Sie anhand von Beispielen, die f\u00fcr Gestaltung relevant sein k\u00f6nnten, die Funktionsprinzipien, zeigen Sie die Bedeutung von \u201ecompliant mechanism\u201d f\u00fcr die Erstellung von form\u00e4ndernden Bauteilen im 3d-Druck, finden oder erstellen Sie selbst ein Bauteil, das Sie \u00fcber 3d-Druck in der Werkstatt herstellen und an dem Sie wesentliche Eigenschaften demonstrieren k\u00f6nnen.<\/p>\n<p>Einstieg:<br \/>\n<a href=\"https:\/\/www.compliantmechanisms.byu.edu\/about-compliant-mechanisms\" target=\"_blank\" rel=\"noopener\"><strong>compliant mechanisms<\/strong><\/a><br \/>\n<a href=\"https:\/\/all3dp.com\/2\/compliant-mechanisms-3d-print\/\" target=\"_blank\" rel=\"noopener\"><strong>3D Druck<\/strong><\/a><\/p>\n<p>&nbsp;<\/p>\n<p>11 Malte Gebhardt<br \/>\n<strong>Self-folding and origami-inspired robotic<\/strong><br \/>\nDie Recherche bezieht sich auf jenen Bereich der Robotik, in dem Bewegung oder Form\u00e4nderung vornehmlich durch Falttechniken hergestellt werden, die ihrerseits h\u00e4ufig von Origami-Prinzipien inspiriert sind. Kategorisieren Sie die Gestaltprinzipien und versuchen Sie eine anschauliche Darstellung der Mechanismen.<\/p>\n<p>Einstieg:<br \/>\n<a href=\"https:\/\/wyss.harvard.edu\/keywords\/Pop-up+manufacturing\/\" target=\"_blank\" rel=\"noopener\"><strong>Pop-Up manufactoring<\/strong><\/a><br \/>\n<a href=\"https:\/\/www.youtube.com\/@ReconfigurableRoboticsLabEPFL\/videos\" target=\"_blank\" rel=\"noopener\"><strong>Reconfigurable Robotics Lab<\/strong><\/a><\/p>\n<p>&nbsp;<\/p>\n<p>12 Enzo Agger<br \/>\n<strong>Deployable Structures, Transformable Architecture and the world of Chuck Hoberman<\/strong><br \/>\nBeginnen Sie Ihre Recherche beim Werk von Chuck Hoberman \u2013 stellen Sie uns einige repr\u00e4sentative Arbeiten vor \u2013 suchen Sie dann nach weiteren Beispielen von Formver\u00e4nderungen in architektonischen Artefakten \u2013 beispielsweise adaptive Oberfl\u00e4chen und Fassaden, kinetische Elemente zu Raum\u00e4nderungen, tempor\u00e4re Architekturen etc. \u2013 Architektur kann hier beim Zelt (oder Regenschirm?) beginnen und bis zur Raumstation reichen.<\/p>\n<p>Einstieg:<br \/>\n<a href=\"https:\/\/www.hoberman.com\" target=\"_blank\" rel=\"noopener\"><strong>Chuck Hoberman<\/strong><\/a><br \/>\n<a href=\"https:\/\/www.youtube.com\/watch?v=a3KO3lliF5s\" target=\"_blank\" rel=\"noopener\"><strong>Deployable Structure<\/strong><\/a><\/p>\n<p>&nbsp;<\/p>\n<p>13 Ema Correia<br \/>\n<strong>M\u00f6bel mit Formver\u00e4nderung<\/strong><br \/>\nRecherchieren Sie ausschliesslich im M\u00f6belbereich nach Beispielen und Anwendungen, in denen Form\u00e4nderung eine besondere gestalterische und\/oder funktionale Rolle spielt. Unterscheiden Sie hierbei den \u201eWohnm\u00f6belbereich\u201d deutlich vom \u201eObjektm\u00f6belbereich\u201d, da in den Bereichen jeweils unterschiedliche Motive f\u00fcr formver\u00e4ndernde Eigenschaften eine Rolle spielen. Im Objektm\u00f6belbereich (dazu geh\u00f6ren in erste Linie M\u00f6bel f\u00fcr Arbeitspl\u00e4tze von B\u00fcro, Schulung, Konferenzen, Werkstatt, Labor etc.) spielen Fragen nach Ergonomie und Anpassbarkeit eine sehr viel gr\u00f6ssere Rolle als im Wohnm\u00f6belbereich.<\/p>\n<p>&nbsp;<\/p>\n<p>14 Eden Szir<br \/>\n<strong>Collapsibles, Transformables + Co.<\/strong><br \/>\nRecherchieren Sie nach Beispielen und Prinzipien der Formver\u00e4nderung bei Alltags-Objekten (nicht M\u00f6bel, alles andere) und versuchen Sie eine Einteilung nach Prinzipien (Falten, Klappen, Staffeln, Stauchen etc.) und\/oder Anl\u00e4ssen (Verkleinern\/Vergr\u00f6ssern, Funktion \u00e4ndern usw.) \u2026 suchen Sie auch nach Objekten und Gegenst\u00e4nden, die durch die Formver\u00e4nderung eine markante Funktions\u00e4nderung nach sich ziehen \u2013 also im ver\u00e4nderten Zustand eine andere oder erweiterte Funktion haben.<\/p>\n<p>&nbsp;<\/p>\n<p>15 Catherina Stuckmann<br \/>\n<strong>Form\u00e4nderung, Bewegung, Kinetik<\/strong><br \/>\nBeginnen Sie Ihre Recherche bei den Strandbeasts von Theo Janssen. Vermitteln sie die kinetischen Prinzipien hinter den Bewegungsapparaten \u2026 und suchen Sie nach weiteren Beispielen auch im Bereich der kinetischen Kunst, bei denen Bewegung und Form\u00e4nderung im Fokus des gestalterisch-k\u00fcnstlerischen Konzepts stehen.<\/p>\n<p>Einstieg:<br \/>\n<a href=\"https:\/\/www.strandbeest.com\" target=\"_blank\" rel=\"noopener\"><strong>Strandbeasts<\/strong><\/a><\/p>\n<p>&nbsp;<\/p>\n<p>16 Marco Mehringer<br \/>\n<strong>From Fantasy to Reality<\/strong><br \/>\nBeginnen Sie mit einem Ausflug in das Genre der Science-Fiction oder Superheld*innen \u2013 finden sie einige Beispiele f\u00fcr markante Form\u00e4nderungen oder Metamorphosen \u2013 und suchen Sie dann nach realen Anwendungen beispielsweise im Bereich der Medizintechnik, dynamischer Orthesen bis zu Arbeitsger\u00e4ten wie Exo-Skeletten (z.b. Festo)<\/p>\n<p>&nbsp;<\/p>\n","protected":false},"excerpt":{"rendered":"<p>&nbsp; Recherche-Kompendium zum Bl\u00e4ttern anklicken \u2026 oder download als pdf &nbsp; \u00dcbersicht der Recherche-Themen 1 \u2013 Self-Assembly Lab Part 1 \/ Yerin Kim 2 \u2013 Self-Assembly Lab Part 2 \/ Janina Gastauer 3 \u2013 Tangible Media Group \/ Julia M\u00fcll 4 \u2013 Matters of Activity \/ Jolanda Schultrich 5 \u2013 Magic of Geometrie \/ Platonische [&hellip;]<\/p>\n","protected":false},"author":5,"featured_media":0,"parent":0,"menu_order":0,"comment_status":"closed","ping_status":"closed","template":"","meta":{"footnotes":""},"class_list":["post-201","page","type-page","status-publish","hentry"],"_links":{"self":[{"href":"https:\/\/www.burg-halle.de\/id-neuwerk\/transformable\/wp-json\/wp\/v2\/pages\/201","targetHints":{"allow":["GET"]}}],"collection":[{"href":"https:\/\/www.burg-halle.de\/id-neuwerk\/transformable\/wp-json\/wp\/v2\/pages"}],"about":[{"href":"https:\/\/www.burg-halle.de\/id-neuwerk\/transformable\/wp-json\/wp\/v2\/types\/page"}],"author":[{"embeddable":true,"href":"https:\/\/www.burg-halle.de\/id-neuwerk\/transformable\/wp-json\/wp\/v2\/users\/5"}],"replies":[{"embeddable":true,"href":"https:\/\/www.burg-halle.de\/id-neuwerk\/transformable\/wp-json\/wp\/v2\/comments?post=201"}],"version-history":[{"count":5,"href":"https:\/\/www.burg-halle.de\/id-neuwerk\/transformable\/wp-json\/wp\/v2\/pages\/201\/revisions"}],"predecessor-version":[{"id":223,"href":"https:\/\/www.burg-halle.de\/id-neuwerk\/transformable\/wp-json\/wp\/v2\/pages\/201\/revisions\/223"}],"wp:attachment":[{"href":"https:\/\/www.burg-halle.de\/id-neuwerk\/transformable\/wp-json\/wp\/v2\/media?parent=201"}],"curies":[{"name":"wp","href":"https:\/\/api.w.org\/{rel}","templated":true}]}}