{"id":394,"date":"2018-09-10T14:52:44","date_gmt":"2018-09-10T12:52:44","guid":{"rendered":"https:\/\/www.burg-halle.de\/id-neuwerk\/tricolor\/?page_id=394"},"modified":"2019-02-01T15:01:53","modified_gmt":"2019-02-01T14:01:53","slug":"planung","status":"publish","type":"page","link":"https:\/\/www.burg-halle.de\/id-neuwerk\/tricolor\/planung\/","title":{"rendered":"Planung"},"content":{"rendered":"<p><strong>Projektablauf \/ Z<\/strong><strong>eitplan<\/strong><\/p>\n<p>projektkernzeiten sind jeweils montag ab 14.00 uhr, dienstag ab 9.00 uhr,<br \/>\nmittwoch ab 9.00 uhr sowie nach vereinbarung<\/p>\n<p>&nbsp;<\/p>\n<p>september<br \/>\n<strong>Recherche<\/strong> <strong>\/ Literatur-Patenschaft<\/strong><\/p>\n<p>Sie haben eines der themen aus der recherche-liste gew\u00e4hlt<br \/>\nund bereiten es als referat mit beamer-pr\u00e4sentation auf.<br \/>\nabgabe der referate als daten am Donnerstag, den 4. Oktober 2018<\/p>\n<p>bitte w\u00e4hlen Sie aus der literaturliste des semesterapparates EIN buch aus, f\u00fcr das Sie die patenschaft \u00fcbernehmen \u2026 d.h. Sie erstellen eine kurze rezension und halten sich bereit, im verlauf des semesters spontan eine kurze pr\u00e4sentation zu dem buch bzw. dem inhalt zu geben.<\/p>\n<p>bitte w\u00e4hlen Sie ihr buch bis zum ersten treffen am Montag, den 8.10.2018.<\/p>\n<p>&nbsp;<\/p>\n<p>w 0\u00a0_8.\u20139.10.<br \/>\n<strong>Referate und Einstieg<br \/>\n<\/strong><br \/>\nIn den ersten beiden Tagen der Einf\u00fchrungswoche stellen Sie Ihre recherchen\/referate vor und wir machen projektvorvollzug und vorbereitung.<\/p>\n<p>erstes Treffen: Montag, 8.10.2018 um 13.00 uhr im projektraum \u2013109 im UG<\/p>\n<p>&nbsp;<\/p>\n<p>w 0 _10.\u201313.10.<br \/>\n<strong>Exkursion<\/strong><br \/>\nBesuch Brillux und BASF, Besuch verschiedener Museen und Ausstellungen,<br \/>\nBesuch der Tagung \u201eFarbe im Design\u201c<\/p>\n<p>&nbsp;<\/p>\n<p>w 1 _15.\u201319.10.<br \/>\n<strong>Werkstattwoche<\/strong><br \/>\nHochschulparcour zu verschieden Werkst\u00e4tten und Einrichtungen, in denen intensiv mit Farbe gearbeitet wird \u2026 die Maschinen\/Einrichtung verstehen, Prozesse kennen lernen und sich direkt im Material ausprobieren<\/p>\n<p>&nbsp;<\/p>\n<p>w 2 _22.\u201324.10.<br \/>\n<strong>Session 1: anmischen \u2013 explore<\/strong><br \/>\nModels for color \u2013 kinetische Farbmodelle<\/p>\n<p>Experimentell-methodisch-didaktische Ann\u00e4herungen an Farbe<br \/>\nund Farbverst\u00e4ndnis, Farbtheorien und Farbwahrnehmung \u2026<\/p>\n<p>Auf der konzeptionellen Ebene:<br \/>\nwie kann ich Zusammenh\u00e4nge oder bestimmte Eeigenschaften oder Gesetz\u00adm\u00e4ssigkeiten in Farbwahrnehmung und -theorien \u2026 visualisieren und bildhaft verst\u00e4ndlich machen oder erkl\u00e4ren?<\/p>\n<p>Auf der gestalterisch-konstruktiven Ebene:<br \/>\nklapp-\/dreh-\/falt-modelle, pop-ups und co. \u2026 deren formale, geometrische Verwandelbarkeit genutzt wird f\u00fcr die variable Zuordnung, Darstellung etc. \u2026 von Farben, Farbwechsel, Farbgesetzm\u00e4ssigkeiten etc.<\/p>\n<p>Ergebnis: kinetische Modelle und Pop-Up-Faltungen (2D \u2013&gt; 3D)<\/p>\n<p>&nbsp;<\/p>\n<p>kw 3 _29.10.\u20132.11.<br \/>\n<strong>Workshop Selbstversuch mit Farbe<\/strong><br \/>\nin der dritten woche (kompaktwoche) w\u00e4hlen Sie bitte KEIN angebot aus den grundlagen, hier tief-tauchen sie in \u201eselbstversuche mit farbe\u201d \u2026<\/p>\n<p>in 3\u20135 aktionen \u2026 einzeln oder in kleinen gruppen ggfs. auch mit einer aktion als gesamte gruppe \u2026 tauchen sie den tag \/die nacht\/ ihr leben \u2026 ganz in farbe (oder das gegenteil) \u2026 machen mal in bezug auf farbe was ganz anderes, ganz ungesehenes \u2026 und \u201eprotokolieren\u201d mit der kamera<\/p>\n<p>wir beginnen den workshop mit 5 bis 10 schnell und anschaulich visualisierten konzepten\/ideen (jeweils auf einem A3 blatt quer \u2026) und treffen uns im \u201ethemenbasar\u201d, \u00a0in dem Sie sich gegenseitig kurz und flott ihre einf\u00e4lle pr\u00e4sentieren<\/p>\n<p>die teilnahme ist pflicht \u2013 und wird als \u201eID workshop\u201d mit 2 ects punkten angerechnet<\/p>\n<p>&nbsp;<\/p>\n<p>w 4 _5.\u20137.11.<br \/>\n<strong>weiter Session 1 \u2026<\/strong><br \/>\numsetzung ihrer kinetischen farbmodelle \u2026<\/p>\n<p>am montag, 5.11.2018, 19.00 uhr<br \/>\n<strong>pr\u00e4sentation<\/strong> der ergebnisse des workshops selbstversuch mit farbe \u2026<\/p>\n<p>&nbsp;<\/p>\n<p>w 5 _12.\u201314.11.<br \/>\n<strong>Session 2: aufmischen \u2013 remix<\/strong><br \/>\nTools for color<\/p>\n<p>In dieser Session dreht sich alles um Strategien, Farbe \u201ein die Welt\u201d zu bringen \u2026<\/p>\n<p>Tools for color meint kleine Apparate, Vorrichtungen, Versuchsanordnungen zur Farberzeugung, low-tech-Maschinen, low-tech-Roboter \u2026<\/p>\n<p>um Farbe auf die Fl\u00e4che oder in den Raum (oder in die Wahrnehmung) zu bringen \u2026<\/p>\n<p>probiert und realisiert an funktionst\u00fcchtigen Versuchsaufbauten \u2026<\/p>\n<p>am montag, 12.11.2018, 19.00 uhr<br \/>\n<strong>pr\u00e4sentation<\/strong> ergebnisse session 1<\/p>\n<p>&nbsp;<\/p>\n<p>kw 6\u00a0_19.\u201323.11.<br \/>\n<strong>Kompaktwoche<br \/>\nAngebot aus Grundlagen oder Designwissenschaften<\/strong><br \/>\n\u2026<\/p>\n<p>&nbsp;<\/p>\n<p>w 7 _26.\u201328.11.<br \/>\n<strong>weiter Session 2 \u2026<\/strong><br \/>\numsetzung ihrer tools \u2026<\/p>\n<p>&nbsp;<\/p>\n<p>w 8\u201314 _3.12.\u201328.1.<br \/>\n<strong>Session 3: einmischen \u2013 intent<\/strong><br \/>\nIntention for, through or as color<br \/>\nEntwurf eines Objekts oder einen Prozesses oder einer Wirkung \u2026<\/p>\n<p>Inszenierung von Farbe im Raum steht hier im Zentrum des gestalterischen Handels, erdacht wird eine entwurfsrelevante Situation, in der Farbe das entscheidende strategisch-funkionale Schl\u00fcsselmoment der Gestaltung darstellt \u2026<\/p>\n<p>hier umfasst \u201efunktional\u201d auch alle atmosph\u00e4rischen bis sinnlichen Qualit\u00e4ten.<\/p>\n<p>oder finden oder erfinden Sie ein entwurfsrelevantes Problem, f\u00fcr dessen L\u00f6sung die Anwendung von Farbe eine herausragende Bedeutung hat.<\/p>\n<p>montag, 30.11.2018, 19.00 uhr<br \/>\n<strong>pr\u00e4sentation<\/strong> ergebnisse session 2<\/p>\n<p>&nbsp;<\/p>\n<p>kw 9\u00a0_10.\u201314.12.<br \/>\n<strong>Workshop Farbe und Licht und\u00a0Interaktion<\/strong><br \/>\nin der neunten woche (kompaktwoche) w\u00e4hlen Sie bitte KEIN angebot aus den grundlagen, hier erwerben Sie kenntnisse in der steuerung von farbigem licht \u2026<\/p>\n<p>Max von Elverfeldt wird Sie in diesem workshop in die steuerung von hardware durch arduino einf\u00fchren \u2026 steuerung von lichtfarbe, lichtst\u00e4rke, interaktion von licht mit \u2026 bewegung, ger\u00e4usch \u2026 und weiteren sensorischen ereignissen \u2026 sind nur einige der elemente, die in diesem workshop untersucht, probiert und zu funktionierenden installationen gef\u00fchrt werden.<\/p>\n<p>die teilnahme ist pflicht \u2013 und wird als \u201eID workshop\u201d mit 2 ects punkten angerechnet<\/p>\n<p>montag, 17.12.2018, 19.00 uhr<br \/>\n<strong>pr\u00e4sentation<\/strong> ergebnisse session 2<\/p>\n<p>&nbsp;<\/p>\n<p>w 10 _17.-19.12.<br \/>\n<strong>Session 3 \u2013 zwischenpr\u00e4sentation<\/strong><br \/>\nbevor es in die weihnachtspause geht, pr\u00e4sentieren Sie konzept-ideen f\u00fcr ihre inszenierung\/installation zur abschluss-pr\u00e4sentation \u2026 und versuchen einen vorvollzug zu prozess und ressourcen.<\/p>\n<p>mittwoch, 19.12.2018, ab 9.30\u00a0uhr<br \/>\n<strong>zwischenpr\u00e4sentation<\/strong><\/p>\n<p>&nbsp;<\/p>\n<p>w 12 _\u00a014.-16.1.<br \/>\n<strong>Workshop<\/strong> <strong>Dokumentation <\/strong>(optional)<br \/>\nf\u00fcr diejenigen von Ihnen, die in dieser woche kein angebot aus den grundlagen wahrnehmen, gibt es einen einstieg in die dokumentationsphase mit einem kurzen workshop zu methoden und formen des dokumentierens.<\/p>\n<p>&nbsp;<\/p>\n<p>w 13 _ 21.-23.1.<br \/>\n<strong>Dokumentation Film<\/strong><br \/>\nneben zeichnung, fotografie, collage \u2026 hat inzwischen die filmische darstellung eine hohe bedeutung in der dokumentation und kommunikation von design-konzept und entwurf. dem medium film widmen wir uns schwerpunktm\u00e4ssig in dieser woche \u2026 und jede\/r von Ihnen wird zu einer auswahl von themen\/ergebnissen aus dem projekt kurzfilme erstellen<\/p>\n<p>&nbsp;<\/p>\n<p>w 14 _ 28.\u201330.1.<br \/>\n<strong>Dokumentation Print \/ Konzeption und Gestaltung der Ausstellung<\/strong><br \/>\nin der letzten woche vor der pr\u00e4sentation agieren Sie in verschiedenen gruppen, um die ausstellung und pr\u00e4sentation vorzubereiten und zu realisieren.<\/p>\n<p>die ergebnisse der session 1 und 2 werden f\u00fcr eine ausstellung aufbereitet, w\u00e4hrend session 3 als zentrales ereignis der pr\u00e4sentation mit verschiedenen inszenierungen \/ installationen vorbereitet wird.<\/p>\n<p>die individuellen recherchen aus der anfangsphase werden wahlweise (und je nachdem, wof\u00fcr sich die thematik besonders eignet \u2026) als film oder als booklet aufbereitet \u2013 sowie s\u00e4mtliche recherchen jeweils in einem plakat nach einem gemeinsamen layout.<\/p>\n<p>die ergebnisse der session 3 werden von jeder gruppe f\u00fcr eine gemeinsame gesamt- dokumentation aufbereitet.<\/p>\n<p>&nbsp;<\/p>\n<p>w 15 _4.2.2019<br \/>\n<strong>Pr\u00e4sentation<\/strong><\/p>\n<p>art, umfang und durchf\u00fchrung der pr\u00e4sentation wird im detail ma\u00dfgeblich durch die ergebnisse und entwicklungen der letzten wochen der session 3 bestimmt \u2026 w\u00fcnschenswerterweise m\u00fcndet die abschluss-pr\u00e4sentation in raugreifenden installationen, interaktionen und ggfs. performativen bestandteilen \u2026 dies wird sich entwickeln und zeigen.<\/p>\n<p>session 1 und 2 werden durch ausstellung, objekte, filme etc \u2026 gezeigt.<br \/>\ndie recherchen werden wahlweise als film oder als booklet sowie als plakat pr\u00e4sentiert.<\/p>\n<p>f\u00fcr die pr\u00e4sentation ist der dachsaal ab Samstag, 2. Februar, reserviert (Aufbau)<\/p>\n<p><strong>Pr\u00e4sentation<\/strong><br \/>\nmontag, 4.2.2019, beginn 18.00 Uhr als gesamt-performance und \u201elange nacht der farbe\u201d<br \/>\ndienstag, 5.2.2019 ausstellung und einzelveranstaltungen<\/p>\n<p>&nbsp;<\/p>\n","protected":false},"excerpt":{"rendered":"<p>Projektablauf \/ Zeitplan projektkernzeiten sind jeweils montag ab 14.00 uhr, dienstag ab 9.00 uhr, mittwoch ab 9.00 uhr sowie nach vereinbarung &nbsp; september Recherche \/ Literatur-Patenschaft Sie haben eines der themen aus der recherche-liste gew\u00e4hlt und bereiten es als referat mit beamer-pr\u00e4sentation auf. abgabe der referate als daten am Donnerstag, den 4. Oktober 2018 bitte [&hellip;]<\/p>\n","protected":false},"author":5,"featured_media":0,"parent":0,"menu_order":0,"comment_status":"closed","ping_status":"closed","template":"","meta":{"footnotes":""},"class_list":["post-394","page","type-page","status-publish","hentry"],"_links":{"self":[{"href":"https:\/\/www.burg-halle.de\/id-neuwerk\/tricolor\/wp-json\/wp\/v2\/pages\/394","targetHints":{"allow":["GET"]}}],"collection":[{"href":"https:\/\/www.burg-halle.de\/id-neuwerk\/tricolor\/wp-json\/wp\/v2\/pages"}],"about":[{"href":"https:\/\/www.burg-halle.de\/id-neuwerk\/tricolor\/wp-json\/wp\/v2\/types\/page"}],"author":[{"embeddable":true,"href":"https:\/\/www.burg-halle.de\/id-neuwerk\/tricolor\/wp-json\/wp\/v2\/users\/5"}],"replies":[{"embeddable":true,"href":"https:\/\/www.burg-halle.de\/id-neuwerk\/tricolor\/wp-json\/wp\/v2\/comments?post=394"}],"version-history":[{"count":8,"href":"https:\/\/www.burg-halle.de\/id-neuwerk\/tricolor\/wp-json\/wp\/v2\/pages\/394\/revisions"}],"predecessor-version":[{"id":488,"href":"https:\/\/www.burg-halle.de\/id-neuwerk\/tricolor\/wp-json\/wp\/v2\/pages\/394\/revisions\/488"}],"wp:attachment":[{"href":"https:\/\/www.burg-halle.de\/id-neuwerk\/tricolor\/wp-json\/wp\/v2\/media?parent=394"}],"curies":[{"name":"wp","href":"https:\/\/api.w.org\/{rel}","templated":true}]}}