{"id":501,"date":"2019-02-01T21:41:03","date_gmt":"2019-02-01T20:41:03","guid":{"rendered":"https:\/\/www.burg-halle.de\/id-neuwerk\/tricolor\/?page_id=501"},"modified":"2019-02-03T00:00:50","modified_gmt":"2019-02-02T23:00:50","slug":"film","status":"publish","type":"page","link":"https:\/\/www.burg-halle.de\/id-neuwerk\/tricolor\/film\/","title":{"rendered":"Film"},"content":{"rendered":"<p><iframe loading=\"lazy\" src=\"https:\/\/player.vimeo.com\/video\/314626650?title=0&amp;byline=0&amp;portrait=0\" width=\"600\" height=\"338\" frameborder=\"0\" allowfullscreen=\"allowfullscreen\"><\/iframe><\/p>\n<pre>Film zum Projekt<\/pre>\n<p>&nbsp;<\/p>\n<p>&nbsp;<\/p>\n<p><strong>TriColor, farbstark \u2026<\/strong><br \/>\nExperimente, Objekte, Installationen<br \/>\nzu Farbe als Gestaltungsmittel in drei Sessions<\/p>\n<p>Methodische Gestaltungs\u00fcbungen f\u00fcr Studierende des 2. Studienjahres (hier im 3. Semester) des Bachelor-Studiengangs Industriedesign. <\/p>\n<p>Farbe zwischen Ph\u00e4nomen, Sinneseindruck und Substanz \u2026 wurde in verschiedenen \u00dcbungen als Gestaltungselement in Versuchsaufbauten, Modellen, Installationen und Entw\u00fcrfen untersuchen. <\/p>\n<p>Dabei erproben die Studierenden in drei experimentellen Sessions verschiedene Wirkungen und Strategien und Anwendungen von Farbe als Gestaltungsmittel. <\/p>\n<p>Der Begriff \u201emischen\u201d steht im folgenden jeweils f\u00fcr unterschiedliche Interaktionen und Wechselbeziehungen von Farbe mit \u2026 Wahrnehmung und Wirkung, Fl\u00e4che und Raum, Funktion und Bedeutung, Symbol und Signal \u2026 und mehr \u2026<\/p>\n<p>&nbsp;<\/p>\n<p><em>Session 1:<\/em><br \/>\n<strong>anmischen \u2013 explore<\/strong><br \/>\nModels for color \u2013 kinetische Farbmodelle<\/p>\n<p>Experimentell-methodisch-didaktische Ann\u00e4herungen an Farbe und Farbverst\u00e4ndnis,<br \/>\nFarbtheorien und Farbwahrnehmung \u2026<\/p>\n<p>&nbsp;<\/p>\n<p><em>Session 2:<\/em><br \/>\n<strong>aufmischen \u2013 remix<\/strong><br \/>\nTools for color<\/p>\n<p>Das Probieren verschiedenen Strategien,<br \/>\nFarbe \u201ein die Welt\u201d zu bringen<\/p>\n<p>&nbsp;<\/p>\n<p><em>Session 3:<\/em><br \/>\n<strong>einmischen \u2013 intent<\/strong><br \/>\nIntention for, through or as color<\/p>\n<p>Farbe r\u00e4umlich in Szene gesetzt durch ein Objekt, einen Prozess, eine Wirkung \u2026<br \/>\nFarbe im Zentrum der gestalterischen und entwerferischen Intention.<\/p>\n<p>&nbsp;<\/p>\n<p>&nbsp;<\/p>\n<p>Studierende:<br \/>\nWayra Aguilar, Milan Behrens, Leonhard Burmester, Anna Freudenberg, Dongyoung Hwang, Alina-Sophie Karre, Pierre Lichtenstein, Viola Nauck, Nikolaus H\u00f6\u00dfle, Fridolin Richter, Anniek Timmermann<\/p>\n<p>Moderation:<br \/>\nProf. Guido Englich, Benjamin Schief<\/p>\n","protected":false},"excerpt":{"rendered":"<p>Film zum Projekt &nbsp; &nbsp; TriColor, farbstark \u2026 Experimente, Objekte, Installationen zu Farbe als Gestaltungsmittel in drei Sessions Methodische Gestaltungs\u00fcbungen f\u00fcr Studierende des 2. Studienjahres (hier im 3. Semester) des Bachelor-Studiengangs Industriedesign. Farbe zwischen Ph\u00e4nomen, Sinneseindruck und Substanz \u2026 wurde in verschiedenen \u00dcbungen als Gestaltungselement in Versuchsaufbauten, Modellen, Installationen und Entw\u00fcrfen untersuchen. Dabei erproben die [&hellip;]<\/p>\n","protected":false},"author":5,"featured_media":0,"parent":0,"menu_order":0,"comment_status":"closed","ping_status":"closed","template":"","meta":{"footnotes":""},"class_list":["post-501","page","type-page","status-publish","hentry"],"_links":{"self":[{"href":"https:\/\/www.burg-halle.de\/id-neuwerk\/tricolor\/wp-json\/wp\/v2\/pages\/501","targetHints":{"allow":["GET"]}}],"collection":[{"href":"https:\/\/www.burg-halle.de\/id-neuwerk\/tricolor\/wp-json\/wp\/v2\/pages"}],"about":[{"href":"https:\/\/www.burg-halle.de\/id-neuwerk\/tricolor\/wp-json\/wp\/v2\/types\/page"}],"author":[{"embeddable":true,"href":"https:\/\/www.burg-halle.de\/id-neuwerk\/tricolor\/wp-json\/wp\/v2\/users\/5"}],"replies":[{"embeddable":true,"href":"https:\/\/www.burg-halle.de\/id-neuwerk\/tricolor\/wp-json\/wp\/v2\/comments?post=501"}],"version-history":[{"count":6,"href":"https:\/\/www.burg-halle.de\/id-neuwerk\/tricolor\/wp-json\/wp\/v2\/pages\/501\/revisions"}],"predecessor-version":[{"id":508,"href":"https:\/\/www.burg-halle.de\/id-neuwerk\/tricolor\/wp-json\/wp\/v2\/pages\/501\/revisions\/508"}],"wp:attachment":[{"href":"https:\/\/www.burg-halle.de\/id-neuwerk\/tricolor\/wp-json\/wp\/v2\/media?parent=501"}],"curies":[{"name":"wp","href":"https:\/\/api.w.org\/{rel}","templated":true}]}}