{"id":2,"date":"2022-02-18T14:04:30","date_gmt":"2022-02-18T13:04:30","guid":{"rendered":"https:\/\/www.burg-halle.de\/id-neuwerk\/underpressure\/?page_id=2"},"modified":"2022-11-17T11:48:28","modified_gmt":"2022-11-17T10:48:28","slug":"thema","status":"publish","type":"page","link":"https:\/\/www.burg-halle.de\/id-neuwerk\/underpressure\/","title":{"rendered":"Thema"},"content":{"rendered":"<p><iframe loading=\"lazy\" src=\"https:\/\/player.vimeo.com\/video\/666183519?h=3309c2596f&amp;title=0&amp;byline=0&amp;portrait=0\" width=\"600\" height=\"338\" frameborder=\"0\" allow=\"autoplay; fullscreen; picture-in-picture\" allowfullscreen=\"\"><\/iframe><\/p>\n<p>&nbsp;<\/p>\n<p>Entwurfsprojekt \/ Komplexes Gestalten<br \/>\nStudiengang BA Industriedesign und MA Industrial Design<\/p>\n<p>&nbsp;<\/p>\n<p><strong>Under Pressure: Gestalten mit Luft<\/strong><br \/>\nKonzepte und Entw\u00fcrfe f\u00fcr interaktive pneumatische Objekte<\/p>\n<p>Gestalten mit Luft heisst die besonderen form- und materialspezifischen Eigenschaften von Membranen, Verspannungen und (Luft-)Druck f\u00fcr eigene gestalterische Entw\u00fcrfe zu nutzen. In der Wechselwirkung aus Material, Funktion und Anwendung werden bekannte Gestaltprinzipien kritisch hinterfragt und neu gedacht: Auf zu einer \u00c4sthetik des \u00dcberdrucks!<\/p>\n<p>Der Anwendung pneumatischer Elemente scheinen kaum Grenzen gesetzt \u2013 vom Einsatz k\u00f6rpernaher Objekte (beispielsweise f\u00fcr Interfaces, Schutz, Therapiezwecke u.a.) \u00fcber solit\u00e4re Objekte in verschiedensten Alltagssituationen (von Wohnen bis Transportieren), \u00fcber spezielle Bauelemente in technischen Konstruktionen und Systemen bis hin zu raumgreifenden \u201eSkulpturen\u201d oder raumbildenden \u201eArchitekturen\u201d.<\/p>\n<p>Luft als Material, Luft als F\u00fcllmedium in entsprechend gestalteten H\u00fcllen, Luft in kalkulierbare und druckstabilisierte Formen gefasst \u2026 \u00f6ffnet f\u00fcr den Designprozess ein vielf\u00e4ltiges Innovationspotential \u2013 im Bezug auf die F\u00e4higkeit zur Form\u00e4nderung eines Objektes ohne aufwendige mechanische Konstruktion, im Bezug auf die Minimierung von Materialeinsatz (=Ressourcenschonung) bei der Substitution von mechanischen und materialintensiven Konstruktionen durch \u201esofte\u201d Geometrien und leichte Membransysteme, im Bezug auf sinnliche und taktile Wahrnehmung der Objekte bis hin zu charakteristisch eigenwilligen Optionen der Interaktion innerhalb von Objekt-Systemen (z.b. Flexibilit\u00e4t, Kinetik, Soft-Robotik etc.) aber auch in der Interaktion zwischen Benutzenden und Objekt.<\/p>\n<p>Das Projekt wird begleitet durch eine praktische Grundlageneinf\u00fchrung zu Konstruktionen, Materialien und analogen und digitalen Werkzeugen f\u00fcrs Prototyping von pneumatischen Membransystemen sowie einem Workshop zu Interaktion und Sensorik (Arduino). Optional und bei Bedarf soll auch eine Einf\u00fchrung ins N\u00e4hen angeboten werden.<\/p>\n<p>Im Ergebnis werden die entstehenden Konzepte und Entw\u00fcrfe in 1:1 Prototypen umgesetzt und pr\u00e4sentiert.<\/p>\n<p>&nbsp;<\/p>\n<p><em>input:<\/em><br \/>\n\u2013 Filmworkshop<br \/>\n\u2013 Exkursion 1<br \/>\nVitra Designmuseum, FHNW Hochschule f\u00fcr Gestaltung und Kunst Basel,<br \/>\nTinguely Museum Basel, Museum f\u00fcr Gestaltung Z\u00fcrich,<br \/>\nZeppelinmuseum Friedrichshafen, Atelier 522 in Markdorf<br \/>\n\u2013 Workshop Arduino + Interaktion<br \/>\n\u2013 Exkursion 2 (Tagesausflug)<br \/>\nPlastique Fantastique Berlin<\/p>\n<p><em>Gastvortr\u00e4ge:<\/em><br \/>\nLorenz Kuschnig + Maxie Schneider (Popticum + Raumlabor, raumgreifende Inflatables),<br \/>\nYena Young + Marco Canevacci (Plastique Fantastique),<br \/>\nTheo M\u00f6ller (Leuchte Blow Me Up bei Ingo Maurer),<br \/>\nLeopold Seiler (3D Druck pneumatischer Objekte)<\/p>\n<p><em>output: <\/em><br \/>\n\u2013 Entw\u00fcrfe in 1:1 Prototypen<br \/>\n\u2013 individuelle Dokumentation in Film und Print<br \/>\n\u2013 gemeinsame Inszenierung zur Jahresausstellung<\/p>\n<p>&nbsp;<\/p>\n<p>Teilnehmer_innen:<br \/>\nEva Ausmann, Lena Eichhorn, Lara Herrmann, Johann Kogge, Simon Krautheim, Pierre Lichtenstein, Tim Mayer, Bj\u00f6rn Naumann, Yang Ni, Ege \u00d6zcan, Karl Schinkel, Yasmin Tams<\/p>\n<p>Moderation:<br \/>\nProf. Guido Englich, M.Sc. Kristian Gohlke<\/p>\n<p>Studiengang BA Industriedesign und MA Industrial Design<br \/>\nSommersemester 2022<\/p>\n<p>Burg Giebichenstein Kunsthochschule Halle<\/p>\n<p>&nbsp;<\/p>\n","protected":false},"excerpt":{"rendered":"<p>&nbsp; Entwurfsprojekt \/ Komplexes Gestalten Studiengang BA Industriedesign und MA Industrial Design &nbsp; Under Pressure: Gestalten mit Luft Konzepte und Entw\u00fcrfe f\u00fcr interaktive pneumatische Objekte Gestalten mit Luft heisst die besonderen form- und materialspezifischen Eigenschaften von Membranen, Verspannungen und (Luft-)Druck f\u00fcr eigene gestalterische Entw\u00fcrfe zu nutzen. In der Wechselwirkung aus Material, Funktion und Anwendung werden [&hellip;]<\/p>\n","protected":false},"author":5,"featured_media":0,"parent":0,"menu_order":0,"comment_status":"closed","ping_status":"closed","template":"","meta":{"footnotes":""},"class_list":["post-2","page","type-page","status-publish","hentry"],"_links":{"self":[{"href":"https:\/\/www.burg-halle.de\/id-neuwerk\/underpressure\/wp-json\/wp\/v2\/pages\/2","targetHints":{"allow":["GET"]}}],"collection":[{"href":"https:\/\/www.burg-halle.de\/id-neuwerk\/underpressure\/wp-json\/wp\/v2\/pages"}],"about":[{"href":"https:\/\/www.burg-halle.de\/id-neuwerk\/underpressure\/wp-json\/wp\/v2\/types\/page"}],"author":[{"embeddable":true,"href":"https:\/\/www.burg-halle.de\/id-neuwerk\/underpressure\/wp-json\/wp\/v2\/users\/5"}],"replies":[{"embeddable":true,"href":"https:\/\/www.burg-halle.de\/id-neuwerk\/underpressure\/wp-json\/wp\/v2\/comments?post=2"}],"version-history":[{"count":10,"href":"https:\/\/www.burg-halle.de\/id-neuwerk\/underpressure\/wp-json\/wp\/v2\/pages\/2\/revisions"}],"predecessor-version":[{"id":260,"href":"https:\/\/www.burg-halle.de\/id-neuwerk\/underpressure\/wp-json\/wp\/v2\/pages\/2\/revisions\/260"}],"wp:attachment":[{"href":"https:\/\/www.burg-halle.de\/id-neuwerk\/underpressure\/wp-json\/wp\/v2\/media?parent=2"}],"curies":[{"name":"wp","href":"https:\/\/api.w.org\/{rel}","templated":true}]}}