{"id":485,"date":"2004-03-31T23:59:25","date_gmt":"2004-03-31T21:59:25","guid":{"rendered":"https:\/\/www.burg-halle.de\/systemdesign\/?page_id=485"},"modified":"2024-11-25T16:50:28","modified_gmt":"2024-11-25T15:50:28","slug":"stoppelstopper","status":"publish","type":"page","link":"https:\/\/www.burg-halle.de\/systemdesign\/projekte\/stoppelstopper\/","title":{"rendered":"Stoppelstopper"},"content":{"rendered":"\n<div class=\"wp-block-group is-layout-flow wp-block-group-is-layout-flow\">\n<div class=\"wp-block-cover aligncenter has-parallax wp-duotone-unset-2\" style=\"margin-top:0;margin-bottom:0;padding-top:0;padding-right:0;padding-bottom:0;padding-left:0;min-height:400px;aspect-ratio:unset;\"><span aria-hidden=\"true\" class=\"wp-block-cover__background has-base-background-color has-background-dim-0 has-background-dim\"><\/span><div class=\"wp-block-cover__image-background wp-image-489 has-parallax\" style=\"background-position:50% 50%;background-image:url(https:\/\/www.burg-halle.de\/systemdesign\/wp-content\/uploads\/2024\/10\/100-0020_STK.jpg)\"><\/div><div class=\"wp-block-cover__inner-container is-layout-flow wp-block-cover-is-layout-flow\">\n<div class=\"wp-block-group is-vertical is-layout-flex wp-container-core-group-is-layout-4 wp-block-group-is-layout-flex\" style=\"margin-top:0;margin-bottom:0;padding-top:0;padding-right:0;padding-bottom:0;padding-left:0\">\n<div class=\"wp-block-group has-base-2-background-color has-background is-layout-flow wp-container-core-group-is-layout-3 wp-block-group-is-layout-flow\" style=\"margin-top:0;margin-bottom:200px;padding-top:var(--wp--preset--spacing--10);padding-right:var(--wp--preset--spacing--50);padding-bottom:var(--wp--preset--spacing--10);padding-left:var(--wp--preset--spacing--50)\">\n<div class=\"wp-block-group is-nowrap is-layout-flex wp-container-core-group-is-layout-1 wp-block-group-is-layout-flex\"><h2 style=\"font-size:clamp(2.2rem, 2.2rem + ((1vw - 0.2rem) * 3), 4rem);font-style:normal;font-weight:500;line-height:1.1;text-transform:uppercase; padding-right:0;padding-left:0;\" class=\"has-link-color wp-elements-83532fd61a0c79cfc2ba78b00c5c3ba1 wp-block-post-title has-text-color has-contrast-color has-burg-grotesk-font-family\">Stoppelstopper<\/h2><\/div>\n\n\n\n<div class=\"wp-block-group is-nowrap is-layout-flex wp-container-core-group-is-layout-2 wp-block-group-is-layout-flex\">\n<p class=\"has-contrast-color has-text-color has-link-color has-burg-grotesk-mono-font-family has-medium-font-size wp-elements-b0cfb28a185dbb2bb3fa90b9be0121e8\">Wintersemester 2003\/2004<\/p>\n<\/div>\n<\/div>\n<\/div>\n<\/div><\/div>\n\n\n\n<div class=\"wp-block-group is-layout-flow wp-block-group-is-layout-flow\">\n<div class=\"wp-block-group is-layout-flow wp-block-group-is-layout-flow\" style=\"padding-top:var(--wp--preset--spacing--20);padding-right:var(--wp--preset--spacing--50);padding-bottom:var(--wp--preset--spacing--20);padding-left:var(--wp--preset--spacing--50)\">\n<p class=\"has-burg-grotesk-font-family has-medium-font-size\">Das Projekt \u201eStoppelstopper\u201c wurde in Kooperation mit dem Praxispartner Braun realisiert; Ziel war die Entwicklung von Konzepten f\u00fcr Low-End-Rasierer mit den Energieversorgungstypen Batterie, RC und Cord. <\/p>\n\n\n\n<div class=\"wp-block-columns is-layout-flex wp-container-core-columns-is-layout-1 wp-block-columns-is-layout-flex\">\n<div class=\"wp-block-column is-layout-flow wp-block-column-is-layout-flow\">\n<p class=\"has-medium-font-size\">Dabei sollten die drei Rasierer m\u00f6glichst viele gemeinsame Bauteile aufweisen, um eine kosteneffiziente Produktion zu gew\u00e4hrleisten. Das Design sollte ohne umfangreiche Elektronik auskommen, lediglich eine LED als Netzkontrolle war vorgesehen. Neben der modularen Bauweise lag der Fokus auf einer intuitiven und selbsterkl\u00e4renden Gestaltung.<\/p>\n<\/div>\n\n\n\n<div class=\"wp-block-column is-layout-flow wp-block-column-is-layout-flow\">\n<p class=\"has-medium-font-size\">Im Rahmen des Projekts wurden verschiedene Konzeptl\u00f6sungen generiert und mit modernen Fertigungstechnologien, wie dem 3D-Druck, visualisiert. Dabei spielten technische, ergonomische und \u00e4sthetische Aspekte eine zentrale Rolle, um eine innovative und nutzerfreundliche Produktl\u00f6sung zu schaffen.<\/p>\n<\/div>\n<\/div>\n<\/div>\n<\/div>\n\n\n\n<div class=\"wp-block-group has-accent-5-background-color has-background is-layout-flow wp-block-group-is-layout-flow\" style=\"padding-top:var(--wp--preset--spacing--30);padding-right:var(--wp--preset--spacing--40);padding-bottom:var(--wp--preset--spacing--30);padding-left:var(--wp--preset--spacing--40)\"><div class=\"_df_book df-lite\" id=\"df_213\"  _slug=\"03-ws0304-stoppelstopper-gesamtdoku\" data-title=\"03-ws0304-stoppelstopper-gesamtdoku\" wpoptions=\"true\" thumbtype=\"\" ><\/div><script class=\"df-shortcode-script\" type=\"application\/javascript\">window.option_df_213 = {\"outline\":[],\"backgroundColor\":\"transparent\",\"autoEnableOutline\":\"false\",\"autoEnableThumbnail\":\"false\",\"overwritePDFOutline\":\"false\",\"direction\":\"1\",\"pageSize\":\"0\",\"source\":\"https:\\\/\\\/www.burg-halle.de\\\/systemdesign\\\/wp-content\\\/uploads\\\/2024\\\/10\\\/WS0304-Stoppelstopper-mit-PP-Braun-Gesamtdoku-komprimiert.pdf\",\"wpOptions\":\"true\"}; if(window.DFLIP && window.DFLIP.parseBooks){window.DFLIP.parseBooks();}<\/script>\n\n\n\n<div class=\"wp-block-group is-layout-flow wp-block-group-is-layout-flow\" style=\"padding-right:var(--wp--preset--spacing--50);padding-left:var(--wp--preset--spacing--50)\">\n<p class=\"has-text-align-right has-contrast-color has-text-color has-link-color has-small-font-size wp-elements-b7ac66b8299fca75512ad1f90de31c8c\">Gesamtdoku mit allen Projektbeitr\u00e4gen<\/p>\n<\/div>\n<\/div>\n\n\n\n<div class=\"wp-block-columns is-layout-flex wp-container-core-columns-is-layout-4 wp-block-columns-is-layout-flex\" style=\"padding-top:var(--wp--preset--spacing--30);padding-right:var(--wp--preset--spacing--50);padding-bottom:var(--wp--preset--spacing--30);padding-left:var(--wp--preset--spacing--50)\">\n<div class=\"wp-block-column is-layout-flow wp-container-core-column-is-layout-4 wp-block-column-is-layout-flow\" style=\"flex-basis:45%\">\n<p class=\"has-burg-grotesk-mono-font-family has-medium-font-size\">Projektteilnehmer<\/p>\n\n\n\n<div class=\"wp-block-columns is-layout-flex wp-container-core-columns-is-layout-2 wp-block-columns-is-layout-flex\">\n<div class=\"wp-block-column is-layout-flow wp-container-core-column-is-layout-3 wp-block-column-is-layout-flow\" style=\"flex-basis:75%\">\n<p class=\"has-small-font-size\" style=\"line-height:1\">Michael Christophel<\/p>\n\n\n\n<p class=\"has-small-font-size\" style=\"line-height:1\">Cornelia Ernst<\/p>\n\n\n\n<p class=\"has-small-font-size\" style=\"line-height:1\">Frank G\u00e4rtner<\/p>\n\n\n\n<p class=\"has-small-font-size\" style=\"line-height:1\">Holm H\u00e4nsel<\/p>\n\n\n\n<p class=\"has-small-font-size\" style=\"line-height:1\">Daniela Heger<\/p>\n\n\n\n<p class=\"has-small-font-size\" style=\"line-height:1\">Marta Jurkiewicz<\/p>\n\n\n\n<p class=\"has-small-font-size\" style=\"line-height:1\">Stefan Matzdorf<\/p>\n\n\n\n<p class=\"has-small-font-size\" style=\"line-height:1\">Alexander Stetter<\/p>\n\n\n\n<p class=\"has-small-font-size\" style=\"line-height:1\">Ruth Maria Sahner<\/p>\n\n\n\n<p class=\"has-small-font-size\" style=\"line-height:1\">Martin Schneider<\/p>\n\n\n\n<p class=\"has-small-font-size\" style=\"line-height:1\">Armin Stein<\/p>\n\n\n\n<p class=\"has-small-font-size\" style=\"line-height:1\">Florian Wisotzki<\/p>\n\n\n\n<p class=\"has-small-font-size\" style=\"line-height:1\">Wieland Wotte<\/p>\n<\/div>\n<\/div>\n<\/div>\n\n\n\n<div class=\"wp-block-column is-layout-flow wp-container-core-column-is-layout-6 wp-block-column-is-layout-flow\">\n<p class=\"has-burg-grotesk-mono-font-family has-medium-font-size\">Projektpartner<\/p>\n\n\n\n<div class=\"wp-block-columns is-layout-flex wp-container-core-columns-is-layout-3 wp-block-columns-is-layout-flex\">\n<div class=\"wp-block-column is-layout-flow wp-container-core-column-is-layout-5 wp-block-column-is-layout-flow\">\n<p class=\"has-small-font-size\" style=\"line-height:1\">J\u00fcrgen H\u00f6rer<\/p>\n<\/div>\n<\/div>\n<\/div>\n<\/div>\n<\/div>\n","protected":false},"excerpt":{"rendered":"<p>Das Projekt \u201eStoppelstopper\u201c wurde in Kooperation mit dem Praxispartner Braun realisiert; Ziel war die Entwicklung von Konzepten f\u00fcr Low-End-Rasierer mit den Energieversorgungstypen Batterie, RC und Cord. Dabei sollten die drei Rasierer m\u00f6glichst viele gemeinsame Bauteile aufweisen, um eine kosteneffiziente Produktion zu gew\u00e4hrleisten. Das Design sollte ohne umfangreiche Elektronik auskommen, lediglich eine LED als Netzkontrolle war [&hellip;]<\/p>\n","protected":false},"author":2,"featured_media":0,"parent":388,"menu_order":0,"comment_status":"closed","ping_status":"closed","template":"wp-custom-template-semesterprojekt-v2","meta":{"footnotes":""},"categories":[6],"tags":[43,38,25,13],"class_list":["post-485","page","type-page","status-publish","hentry","category-semesterprojekt","tag-interaktion","tag-koerperpflege","tag-partnerprojekt","tag-wintersemester"],"_links":{"self":[{"href":"https:\/\/www.burg-halle.de\/systemdesign\/wp-json\/wp\/v2\/pages\/485","targetHints":{"allow":["GET"]}}],"collection":[{"href":"https:\/\/www.burg-halle.de\/systemdesign\/wp-json\/wp\/v2\/pages"}],"about":[{"href":"https:\/\/www.burg-halle.de\/systemdesign\/wp-json\/wp\/v2\/types\/page"}],"author":[{"embeddable":true,"href":"https:\/\/www.burg-halle.de\/systemdesign\/wp-json\/wp\/v2\/users\/2"}],"replies":[{"embeddable":true,"href":"https:\/\/www.burg-halle.de\/systemdesign\/wp-json\/wp\/v2\/comments?post=485"}],"version-history":[{"count":6,"href":"https:\/\/www.burg-halle.de\/systemdesign\/wp-json\/wp\/v2\/pages\/485\/revisions"}],"predecessor-version":[{"id":561,"href":"https:\/\/www.burg-halle.de\/systemdesign\/wp-json\/wp\/v2\/pages\/485\/revisions\/561"}],"up":[{"embeddable":true,"href":"https:\/\/www.burg-halle.de\/systemdesign\/wp-json\/wp\/v2\/pages\/388"}],"wp:attachment":[{"href":"https:\/\/www.burg-halle.de\/systemdesign\/wp-json\/wp\/v2\/media?parent=485"}],"wp:term":[{"taxonomy":"category","embeddable":true,"href":"https:\/\/www.burg-halle.de\/systemdesign\/wp-json\/wp\/v2\/categories?post=485"},{"taxonomy":"post_tag","embeddable":true,"href":"https:\/\/www.burg-halle.de\/systemdesign\/wp-json\/wp\/v2\/tags?post=485"}],"curies":[{"name":"wp","href":"https:\/\/api.w.org\/{rel}","templated":true}]}}