{"id":826,"date":"2023-03-30T18:24:20","date_gmt":"2023-03-30T16:24:20","guid":{"rendered":"https:\/\/www.burg-halle.de\/systemdesign\/?page_id=826"},"modified":"2024-11-28T18:38:29","modified_gmt":"2024-11-28T17:38:29","slug":"monospeaker","status":"publish","type":"page","link":"https:\/\/www.burg-halle.de\/systemdesign\/projekte\/remake-it-better\/monospeaker\/","title":{"rendered":"Monospeaker"},"content":{"rendered":"\n<div class=\"wp-block-group is-layout-flow wp-block-group-is-layout-flow\" style=\"padding-right:var(--wp--preset--spacing--50);padding-left:var(--wp--preset--spacing--50)\">\n<p class=\"has-burg-grotesk-mono-font-family has-medium-font-size\" style=\"line-height:1.5;text-transform:capitalize\">Lion Sanguinette<\/p>\n\n\n\n<p class=\"has-burg-grotesk-mono-font-family has-medium-font-size\" style=\"line-height:1.5;text-transform:uppercase\">EIN LAUTSPRECHER ZUM WEGWERFEN<\/p>\n\n\n<h2 class=\"wp-block-post-title\">Monospeaker<\/h2>\n\n\n<div class=\"wp-block-group is-layout-flow wp-block-group-is-layout-flow\">\n<p>Die Grundidee des Entwurfs besteht darin, einen Bluetooth-Lautsprecher zu entwickeln, der so konstruiert ist, dass er leicht recycelt werden kann und somit zur Reduzierung von Elektroschrott beitr\u00e4gt.<\/p>\n\n\n\n<p>Die Problemstellung, die sich dahinter verbirgt, ist die kurze Lebensdauer von Elektronikprodukten und die Herausforderung, sie umweltfreundlich zu entsorgen oder wiederzuverwerten.<\/p>\n\n\n\n<p>Durch die Entwicklung eines Lautsprechers, der einfach auseinanderzunehmen und zu recyceln ist, soll diesem Problem entgegengewirkt werden.<\/p>\n<\/div>\n\n\n<div id=\"metaslider-id-833\" style=\"width: 100%;\" class=\"ml-slider-3-93-0 metaslider metaslider-flex metaslider-833 ml-slider ms-theme-default-base has-dots-nav\" role=\"region\" aria-roledescription=\"Slideshow\" aria-label=\"Einzelprojekt Monospeaker LS\">\n    <div id=\"metaslider_container_833\">\n        <div id=\"metaslider_833\">\n            <ul class='slides'>\n                <li style=\"display: block; width: 100%;\" class=\"slide-837 ms-image \" aria-roledescription=\"slide\" aria-label=\"slide-837\"><img loading=\"lazy\" decoding=\"async\" src=\"https:\/\/www.burg-halle.de\/systemdesign\/wp-content\/uploads\/2024\/11\/20240126_LION_ID-WISE_042K-1067x640.jpg\" height=\"900\" width=\"1500\" alt=\"\" class=\"slider-833 slide-837\" title=\"20240126_LION_ID-WISE_042K\" \/><\/li>\n                <li style=\"display: none; width: 100%;\" class=\"slide-838 ms-image \" aria-roledescription=\"slide\" aria-label=\"slide-838\"><img loading=\"lazy\" decoding=\"async\" src=\"https:\/\/www.burg-halle.de\/systemdesign\/wp-content\/uploads\/2024\/11\/20240126_LION_ID-WISE_028K-1500x900.jpg\" height=\"900\" width=\"1500\" alt=\"\" class=\"slider-833 slide-838\" title=\"20240126_LION_ID-WISE_028K\" \/><\/li>\n                <li style=\"display: none; width: 100%;\" class=\"slide-839 ms-image \" aria-roledescription=\"slide\" aria-label=\"slide-839\"><img loading=\"lazy\" decoding=\"async\" src=\"https:\/\/www.burg-halle.de\/systemdesign\/wp-content\/uploads\/2024\/11\/20240126_LION_ID-WISE_013K-1067x640.jpg\" height=\"900\" width=\"1500\" alt=\"\" class=\"slider-833 slide-839\" title=\"20240126_LION_ID-WISE_013K\" \/><\/li>\n            <\/ul>\n        <\/div>\n        \n    <\/div>\n<\/div>\n\n\n\n<div class=\"wp-block-group is-layout-flow wp-block-group-is-layout-flow\">\n<p>Der Bluetooth-Lautsprecher ist gezielt so gestaltet, dass er leicht recycelbar ist, was im Vergleich zu herk\u00f6mmlichen Lautsprechern eine verbesserte Umweltvertr\u00e4glichkeit bietet.<\/p>\n\n\n\n<p>Monomaterial-Membran: Die Verwendung einer Monomaterial-Membran erm\u00f6glicht nicht nur einen hochwertigen Klang, sondernvereinfacht auch den Recyclingprozess, da das Material leichter wiederverwertet werden kann.<\/p>\n\n\n\n<p>Als Gestalter folge ich der \u00dcberzeugung, dass Design eine Verantwortung tr\u00e4gt, die \u00fcber die blo\u00dfe \u00c4sthetik hinausgeht. Dabei ist es f\u00fcr mich entscheidend zu hinterfragen, ob eine bestimmte Idee dazudient, ein Problem zu l\u00f6sen oder eine L\u00f6sung bietet f\u00fcr ein zuvornoch nicht wahrgenommenes Problem.<\/p>\n<\/div>\n<\/div>\n","protected":false},"excerpt":{"rendered":"<p>Lion Sanguinette EIN LAUTSPRECHER ZUM WEGWERFEN Die Grundidee des Entwurfs besteht darin, einen Bluetooth-Lautsprecher zu entwickeln, der so konstruiert ist, dass er leicht recycelt werden kann und somit zur Reduzierung von Elektroschrott beitr\u00e4gt. Die Problemstellung, die sich dahinter verbirgt, ist die kurze Lebensdauer von Elektronikprodukten und die Herausforderung, sie umweltfreundlich zu entsorgen oder wiederzuverwerten. Durch [&hellip;]<\/p>\n","protected":false},"author":2,"featured_media":0,"parent":819,"menu_order":0,"comment_status":"closed","ping_status":"closed","template":"wp-custom-template-personenseite","meta":{"footnotes":""},"categories":[7],"tags":[44,46,45],"class_list":["post-826","page","type-page","status-publish","hentry","category-einzelprojekt","tag-audio","tag-monomaterial","tag-remake-it-better"],"_links":{"self":[{"href":"https:\/\/www.burg-halle.de\/systemdesign\/wp-json\/wp\/v2\/pages\/826","targetHints":{"allow":["GET"]}}],"collection":[{"href":"https:\/\/www.burg-halle.de\/systemdesign\/wp-json\/wp\/v2\/pages"}],"about":[{"href":"https:\/\/www.burg-halle.de\/systemdesign\/wp-json\/wp\/v2\/types\/page"}],"author":[{"embeddable":true,"href":"https:\/\/www.burg-halle.de\/systemdesign\/wp-json\/wp\/v2\/users\/2"}],"replies":[{"embeddable":true,"href":"https:\/\/www.burg-halle.de\/systemdesign\/wp-json\/wp\/v2\/comments?post=826"}],"version-history":[{"count":3,"href":"https:\/\/www.burg-halle.de\/systemdesign\/wp-json\/wp\/v2\/pages\/826\/revisions"}],"predecessor-version":[{"id":840,"href":"https:\/\/www.burg-halle.de\/systemdesign\/wp-json\/wp\/v2\/pages\/826\/revisions\/840"}],"up":[{"embeddable":true,"href":"https:\/\/www.burg-halle.de\/systemdesign\/wp-json\/wp\/v2\/pages\/819"}],"wp:attachment":[{"href":"https:\/\/www.burg-halle.de\/systemdesign\/wp-json\/wp\/v2\/media?parent=826"}],"wp:term":[{"taxonomy":"category","embeddable":true,"href":"https:\/\/www.burg-halle.de\/systemdesign\/wp-json\/wp\/v2\/categories?post=826"},{"taxonomy":"post_tag","embeddable":true,"href":"https:\/\/www.burg-halle.de\/systemdesign\/wp-json\/wp\/v2\/tags?post=826"}],"curies":[{"name":"wp","href":"https:\/\/api.w.org\/{rel}","templated":true}]}}